Last updated on 2024-03-27 19:56:52 CET.
Flavor | Version | Tinstall | Tcheck | Ttotal | Status | Flags |
---|---|---|---|---|---|---|
r-devel-linux-x86_64-debian-clang | 0.3.4 | 501.98 | 91.43 | 593.41 | OK | |
r-devel-linux-x86_64-debian-gcc | 0.3.4 | 376.52 | 64.55 | 441.07 | OK | |
r-devel-linux-x86_64-fedora-clang | 0.3.4 | 906.26 | OK | |||
r-devel-linux-x86_64-fedora-gcc | 0.3.4 | 856.38 | OK | |||
r-devel-windows-x86_64 | 0.3.4 | 368.00 | 108.00 | 476.00 | OK | |
r-patched-linux-x86_64 | 0.3.4 | 462.76 | 87.64 | 550.40 | OK | |
r-release-linux-x86_64 | 0.3.4 | 483.80 | 88.05 | 571.85 | OK | |
r-release-macos-arm64 | 0.3.4 | 167.00 | NOTE | |||
r-release-macos-x86_64 | 0.3.4 | 311.00 | NOTE | |||
r-release-windows-x86_64 | 0.3.4 | 469.00 | 134.00 | 603.00 | OK | |
r-oldrel-macos-arm64 | 0.3.4 | 163.00 | NOTE | |||
r-oldrel-windows-x86_64 | 0.3.4 | 443.00 | 133.00 | 576.00 | OK |
Version: 0.3.4
Check: installed package size
Result: NOTE
installed size is 12.2Mb
sub-directories of 1Mb or more:
data 1.4Mb
libs 10.1Mb
Flavors: r-release-macos-arm64, r-release-macos-x86_64, r-oldrel-macos-arm64