CRAN Package Check Results for Package GARCOM

Last updated on 2022-09-26 21:52:57 CEST.

Flavor Version Tinstall Tcheck Ttotal Status Flags
r-devel-linux-x86_64-debian-clang 1.2.0 8.57 92.26 100.83 NOTE
r-devel-linux-x86_64-debian-gcc 1.2.0 8.60 66.96 75.56 NOTE
r-devel-linux-x86_64-fedora-clang 1.2.0 132.21 NOTE
r-devel-linux-x86_64-fedora-gcc 1.2.0 125.12 NOTE
r-devel-windows-x86_64 1.2.0 18.00 117.00 135.00 NOTE
r-patched-linux-x86_64 1.2.0 9.07 83.89 92.96 OK
r-release-linux-x86_64 1.2.0 8.07 82.14 90.21 OK
r-release-macos-arm64 1.2.0 33.00 OK
r-release-macos-x86_64 1.2.0 65.00 OK
r-release-windows-x86_64 1.2.0 14.00 113.00 127.00 OK
r-oldrel-macos-arm64 1.2.0 41.00 OK
r-oldrel-macos-x86_64 1.2.0 72.00 OK
r-oldrel-windows-ix86+x86_64 1.2.0 22.00 108.00 130.00 OK

Check Details

Version: 1.2.0
Check: package subdirectories
Result: NOTE
    Problems with news in 'NEWS.md':
    No news entries found.
Flavors: r-devel-linux-x86_64-debian-clang, r-devel-linux-x86_64-debian-gcc, r-devel-linux-x86_64-fedora-clang, r-devel-linux-x86_64-fedora-gcc, r-devel-windows-x86_64