CRAN Package Check Results for Package GA

Last updated on 2022-11-26 19:55:16 CET.

Flavor Version Tinstall Tcheck Ttotal Status Flags
r-devel-linux-x86_64-debian-clang 3.2.3 50.11 101.81 151.92 OK
r-devel-linux-x86_64-debian-gcc 3.2.3 45.59 76.81 122.40 OK
r-devel-linux-x86_64-fedora-clang 3.2.3 209.92 NOTE
r-devel-linux-x86_64-fedora-gcc 3.2.3 204.56 OK
r-devel-windows-x86_64 3.2.3 73.00 158.00 231.00 NOTE
r-patched-linux-x86_64 3.2.3 OK
r-release-linux-x86_64 3.2.3 49.80 98.96 148.76 OK
r-release-macos-arm64 3.2.3 57.00 NOTE
r-release-macos-x86_64 3.2.3 85.00 NOTE
r-release-windows-x86_64 3.2.3 73.00 170.00 243.00 NOTE
r-oldrel-macos-arm64 3.2.3 66.00 NOTE
r-oldrel-macos-x86_64 3.2.3 86.00 NOTE
r-oldrel-windows-ix86+x86_64 3.2.3 118.00 159.00 277.00 NOTE

Check Details

Version: 3.2.3
Check: installed package size
Result: NOTE
     installed size is 45.5Mb
     sub-directories of 1Mb or more:
     doc 44.3Mb
Flavors: r-devel-linux-x86_64-fedora-clang, r-devel-windows-x86_64, r-release-macos-arm64, r-release-macos-x86_64, r-release-windows-x86_64, r-oldrel-macos-arm64, r-oldrel-macos-x86_64, r-oldrel-windows-ix86+x86_64