Last updated on 2023-11-27 19:52:39 CET.
Flavor | Version | Tinstall | Tcheck | Ttotal | Status | Flags |
---|---|---|---|---|---|---|
r-devel-linux-x86_64-debian-clang | 3.2.3 | 55.17 | 114.75 | 169.92 | NOTE | |
r-devel-linux-x86_64-debian-gcc | 3.2.3 | 41.15 | 93.32 | 134.47 | NOTE | |
r-devel-linux-x86_64-fedora-clang | 3.2.3 | 211.68 | NOTE | |||
r-devel-linux-x86_64-fedora-gcc | 3.2.3 | 214.95 | NOTE | |||
r-devel-windows-x86_64 | 3.2.3 | 43.00 | 114.00 | 157.00 | NOTE | |
r-patched-linux-x86_64 | 3.2.3 | 52.38 | 110.82 | 163.20 | NOTE | |
r-release-linux-x86_64 | 3.2.3 | 46.63 | 111.49 | 158.12 | NOTE | |
r-release-macos-arm64 | 3.2.3 | 63.00 | NOTE | |||
r-release-macos-x86_64 | 3.2.3 | 103.00 | NOTE | |||
r-release-windows-x86_64 | 3.2.3 | 55.00 | 141.00 | 196.00 | NOTE | |
r-oldrel-macos-arm64 | 3.2.3 | 62.00 | NOTE | |||
r-oldrel-macos-x86_64 | 3.2.3 | 85.00 | NOTE | |||
r-oldrel-windows-x86_64 | 3.2.3 | 55.00 | 133.00 | 188.00 | NOTE |
Version: 3.2.3
Check: C++ specification
Result: NOTE
Specified C++14: please drop specification unless essential
Flavors: r-devel-linux-x86_64-debian-clang, r-devel-linux-x86_64-debian-gcc, r-devel-linux-x86_64-fedora-clang, r-devel-linux-x86_64-fedora-gcc, r-devel-windows-x86_64, r-patched-linux-x86_64, r-release-linux-x86_64, r-release-macos-arm64, r-release-macos-x86_64, r-release-windows-x86_64
Version: 3.2.3
Check: dependencies in R code
Result: NOTE
':::' call which should be '::': ‘graphics:::grid’
See the note in ?`:::` about the use of this operator.
Flavors: r-devel-linux-x86_64-debian-clang, r-devel-linux-x86_64-debian-gcc, r-devel-linux-x86_64-fedora-clang, r-devel-linux-x86_64-fedora-gcc, r-devel-windows-x86_64, r-patched-linux-x86_64, r-release-linux-x86_64, r-release-macos-arm64, r-release-macos-x86_64, r-release-windows-x86_64
Version: 3.2.3
Check: Rd files
Result: NOTE
checkRd: (-1) gaControl.Rd:20-27: Lost braces in \itemize; meant \describe ?
checkRd: (-1) gaControl.Rd:28-35: Lost braces in \itemize; meant \describe ?
checkRd: (-1) gaControl.Rd:36-43: Lost braces in \itemize; meant \describe ?
checkRd: (-1) gaControl.Rd:45: Lost braces in \itemize; meant \describe ?
Flavors: r-devel-linux-x86_64-debian-clang, r-devel-linux-x86_64-debian-gcc
Version: 3.2.3
Check: installed package size
Result: NOTE
installed size is 45.5Mb
sub-directories of 1Mb or more:
doc 44.3Mb
Flavors: r-devel-linux-x86_64-fedora-clang, r-devel-windows-x86_64, r-release-macos-arm64, r-release-macos-x86_64, r-release-windows-x86_64, r-oldrel-macos-arm64, r-oldrel-macos-x86_64, r-oldrel-windows-x86_64