CRAN Package Check Results for Package FuzzyR

Last updated on 2024-06-20 20:49:10 CEST.

Flavor Version Tinstall Tcheck Ttotal Status Flags
r-devel-linux-x86_64-debian-clang 2.3.2 10.42 84.33 94.75 NOTE
r-devel-linux-x86_64-debian-gcc 2.3.2 8.35 58.91 67.26 NOTE
r-devel-linux-x86_64-fedora-clang 2.3.2 111.96 NOTE
r-devel-linux-x86_64-fedora-gcc 2.3.2 104.06 NOTE
r-devel-windows-x86_64 2.3.2 12.00 79.00 91.00 NOTE
r-patched-linux-x86_64 2.3.2 10.22 77.26 87.48 NOTE
r-release-linux-x86_64 2.3.2 10.13 76.96 87.09 NOTE
r-release-macos-arm64 2.3.2 30.00 NOTE
r-release-macos-x86_64 2.3.2 50.00 NOTE
r-release-windows-x86_64 2.3.2 9.00 84.00 93.00 NOTE
r-oldrel-macos-arm64 2.3.2 31.00 OK
r-oldrel-macos-x86_64 2.3.2 52.00 OK
r-oldrel-windows-x86_64 2.3.2 13.00 98.00 111.00 OK

Check Details

Version: 2.3.2
Check: Rd files
Result: NOTE checkRd: (-1) genmf.Rd:26: Lost braces; missing escapes or markup? 26 | \item 'gbellmf' is c(\code{a, b, c}), where \code{a} denotes the width, \code{b} is usually positive and {c} locates the center of the curve. | ^ Flavors: r-devel-linux-x86_64-debian-clang, r-devel-linux-x86_64-debian-gcc, r-devel-linux-x86_64-fedora-clang, r-devel-linux-x86_64-fedora-gcc, r-devel-windows-x86_64, r-patched-linux-x86_64, r-release-linux-x86_64, r-release-macos-arm64, r-release-macos-x86_64, r-release-windows-x86_64