Last updated on 2025-11-03 21:50:21 CET.
| Flavor | Version | Tinstall | Tcheck | Ttotal | Status | Flags | 
|---|---|---|---|---|---|---|
| r-devel-linux-x86_64-debian-clang | 1.3 | 17.77 | 125.78 | 143.55 | NOTE | |
| r-devel-linux-x86_64-debian-gcc | 1.3 | 11.91 | 90.02 | 101.93 | NOTE | |
| r-devel-linux-x86_64-fedora-clang | 1.3 | 43.00 | 176.60 | 219.60 | OK | |
| r-devel-linux-x86_64-fedora-gcc | 1.3 | 37.00 | 168.09 | 205.09 | OK | |
| r-devel-windows-x86_64 | 1.3 | 21.00 | 125.00 | 146.00 | OK | |
| r-patched-linux-x86_64 | 1.3 | 17.68 | 116.82 | 134.50 | OK | |
| r-release-linux-x86_64 | 1.3 | 17.06 | 117.40 | 134.46 | OK | |
| r-release-macos-arm64 | 1.3 | 7.00 | 44.00 | 51.00 | OK | |
| r-release-macos-x86_64 | 1.3 | 13.00 | 90.00 | 103.00 | OK | |
| r-release-windows-x86_64 | 1.3 | 20.00 | 122.00 | 142.00 | OK | |
| r-oldrel-macos-arm64 | 1.3 | 7.00 | 48.00 | 55.00 | OK | |
| r-oldrel-macos-x86_64 | 1.3 | 11.00 | 69.00 | 80.00 | OK | |
| r-oldrel-windows-x86_64 | 1.3 | 28.00 | 163.00 | 191.00 | OK | 
Version: 1.3
Check: CRAN incoming feasibility
Result: NOTE
  Maintainer: ‘Philippe Courcoux <philippe.courcoux@oniris-nantes.fr>’
  
  No Authors@R field in DESCRIPTION.
  Please add one, modifying
    Authors@R: person(given = "Philippe",
                      family = "Courcoux",
                      role = c("aut", "cre"),
                      email = "philippe.courcoux@oniris-nantes.fr")
  as necessary.
Flavors: r-devel-linux-x86_64-debian-clang, r-devel-linux-x86_64-debian-gcc