CRAN Package Check Results for Package FourWayHMM

Last updated on 2025-05-06 20:50:40 CEST.

Flavor Version Tinstall Tcheck Ttotal Status Flags
r-devel-linux-x86_64-debian-clang 1.0.0 2.93 23.51 26.44 NOTE
r-devel-linux-x86_64-debian-gcc 1.0.0 1.98 18.73 20.71 NOTE
r-devel-linux-x86_64-fedora-clang 1.0.0 43.36 NOTE
r-devel-linux-x86_64-fedora-gcc 1.0.0 41.16 NOTE
r-devel-windows-x86_64 1.0.0 5.00 44.00 49.00 OK
r-patched-linux-x86_64 1.0.0 3.03 22.60 25.63 OK
r-release-linux-x86_64 1.0.0 3.17 22.94 26.11 OK
r-release-macos-arm64 1.0.0 22.00 OK
r-release-macos-x86_64 1.0.0 31.00 OK
r-release-windows-x86_64 1.0.0 5.00 44.00 49.00 OK
r-oldrel-macos-arm64 1.0.0 18.00 OK
r-oldrel-macos-x86_64 1.0.0 37.00 OK
r-oldrel-windows-x86_64 1.0.0 6.00 49.00 55.00 OK

Check Details

Version: 1.0.0
Check: CRAN incoming feasibility
Result: NOTE Maintainer: ‘Salvatore D. Tomarchio <daniele.tomarchio@unict.it>’ The Description field contains Tomarchio et al. (2020) <arXiv:2107.04330>. The matrix-variate normal Please refer to arXiv e-prints via their arXiv DOI <doi:10.48550/arXiv.YYMM.NNNNN>. Flavors: r-devel-linux-x86_64-debian-clang, r-devel-linux-x86_64-debian-gcc

Version: 1.0.0
Check: dependencies in R code
Result: NOTE Namespace in Imports field not imported from: ‘LaplacesDemon’ All declared Imports should be used. Flavors: r-devel-linux-x86_64-fedora-clang, r-devel-linux-x86_64-fedora-gcc