CRAN Package Check Results for Package FourWayHMM

Last updated on 2023-06-05 21:59:06 CEST.

Flavor Version Tinstall Tcheck Ttotal Status Flags
r-devel-linux-x86_64-debian-clang 1.0.0 3.32 30.07 33.39 OK
r-devel-linux-x86_64-debian-gcc 1.0.0 3.28 23.02 26.30 OK
r-devel-linux-x86_64-fedora-clang 1.0.0 42.19 NOTE
r-devel-linux-x86_64-fedora-gcc 1.0.0 39.52 NOTE
r-devel-windows-x86_64 1.0.0 6.00 45.00 51.00 OK
r-patched-linux-x86_64 1.0.0 3.62 28.46 32.08 OK
r-release-linux-x86_64 1.0.0 3.16 28.99 32.15 OK
r-release-macos-arm64 1.0.0 20.00 OK
r-release-macos-x86_64 1.0.0 25.00 OK
r-release-windows-x86_64 1.0.0 6.00 47.00 53.00 OK
r-oldrel-macos-arm64 1.0.0 19.00 NOTE
r-oldrel-macos-x86_64 1.0.0 32.00 NOTE
r-oldrel-windows-x86_64 1.0.0 6.00 51.00 57.00 OK

Check Details

Version: 1.0.0
Check: dependencies in R code
Result: NOTE
    Namespace in Imports field not imported from: ‘LaplacesDemon’
     All declared Imports should be used.
Flavors: r-devel-linux-x86_64-fedora-clang, r-devel-linux-x86_64-fedora-gcc, r-oldrel-macos-arm64, r-oldrel-macos-x86_64