Last updated on 2025-11-23 20:48:47 CET.
| Flavor | Version | Tinstall | Tcheck | Ttotal | Status | Flags |
|---|---|---|---|---|---|---|
| r-devel-linux-x86_64-debian-clang | 1.0.1 | 2.54 | 21.17 | 23.71 | OK | |
| r-devel-linux-x86_64-debian-gcc | 1.0.1 | 1.89 | 17.64 | 19.53 | OK | |
| r-devel-linux-x86_64-fedora-clang | 1.0.1 | 33.01 | NOTE | |||
| r-devel-windows-x86_64 | 1.0.1 | 4.00 | 44.00 | 48.00 | OK | |
| r-patched-linux-x86_64 | 1.0.1 | 2.54 | 18.65 | 21.19 | OK | |
| r-release-linux-x86_64 | 1.0.1 | 2.45 | 18.69 | 21.14 | OK | |
| r-release-macos-arm64 | 1.0.1 | OK | ||||
| r-release-macos-x86_64 | 1.0.1 | 3.00 | 25.00 | 28.00 | OK | |
| r-release-windows-x86_64 | 1.0.1 | 3.00 | 38.00 | 41.00 | OK | |
| r-oldrel-macos-arm64 | 1.0.1 | OK | ||||
| r-oldrel-macos-x86_64 | 1.0.1 | 2.00 | 22.00 | 24.00 | OK | |
| r-oldrel-windows-x86_64 | 1.0.1 | 5.00 | 43.00 | 48.00 | OK |
Version: 1.0.1
Check: dependencies in R code
Result: NOTE
Namespaces in Imports field not imported from:
‘R6’ ‘httr’ ‘jsonlite’
All declared Imports should be used.
Flavor: r-devel-linux-x86_64-fedora-clang