CRAN Package Check Results for Package FlexGAM

Last updated on 2022-09-26 21:52:57 CEST.

Flavor Version Tinstall Tcheck Ttotal Status Flags
r-devel-linux-x86_64-debian-clang 0.7.2 12.12 83.17 95.29 NOTE
r-devel-linux-x86_64-debian-gcc 0.7.2 8.99 62.92 71.91 NOTE
r-devel-linux-x86_64-fedora-clang 0.7.2 126.79 NOTE
r-devel-linux-x86_64-fedora-gcc 0.7.2 118.88 NOTE
r-devel-windows-x86_64 0.7.2 15.00 103.00 118.00 NOTE
r-patched-linux-x86_64 0.7.2 7.52 79.96 87.48 NOTE
r-release-linux-x86_64 0.7.2 10.72 79.66 90.38 NOTE
r-release-macos-arm64 0.7.2 29.00 NOTE
r-release-macos-x86_64 0.7.2 48.00 NOTE
r-release-windows-x86_64 0.7.2 16.00 108.00 124.00 NOTE
r-oldrel-macos-arm64 0.7.2 39.00 NOTE
r-oldrel-macos-x86_64 0.7.2 63.00 NOTE
r-oldrel-windows-ix86+x86_64 0.7.2 21.00 102.00 123.00 NOTE

Check Details

Version: 0.7.2
Check: LazyData
Result: NOTE
     'LazyData' is specified without a 'data' directory
Flavors: r-devel-linux-x86_64-debian-clang, r-devel-linux-x86_64-debian-gcc, r-devel-linux-x86_64-fedora-clang, r-devel-linux-x86_64-fedora-gcc, r-devel-windows-x86_64, r-patched-linux-x86_64, r-release-linux-x86_64, r-release-macos-arm64, r-release-macos-x86_64, r-release-windows-x86_64, r-oldrel-macos-arm64, r-oldrel-macos-x86_64, r-oldrel-windows-ix86+x86_64