Last updated on 2024-04-19 20:56:38 CEST.
Flavor | Version | Tinstall | Tcheck | Ttotal | Status | Flags |
---|---|---|---|---|---|---|
r-devel-linux-x86_64-debian-clang | 1.1.1 | 22.83 | 108.26 | 131.09 | OK | |
r-devel-linux-x86_64-debian-gcc | 1.1.1 | OK | ||||
r-devel-linux-x86_64-fedora-clang | 1.1.1 | 160.40 | NOTE | |||
r-devel-linux-x86_64-fedora-gcc | 1.1.1 | 162.92 | OK | |||
r-prerel-macos-arm64 | 1.1.1 | 35.00 | NOTE | |||
r-prerel-windows-x86_64 | 1.1.1 | 17.00 | 94.00 | 111.00 | NOTE | |
r-patched-linux-x86_64 | 1.1.1 | 22.97 | 104.72 | 127.69 | OK | |
r-release-linux-x86_64 | 1.1.1 | 15.16 | 101.63 | 116.79 | OK | |
r-release-macos-arm64 | 1.1.1 | 51.00 | NOTE | |||
r-release-macos-x86_64 | 1.1.1 | 81.00 | NOTE | |||
r-release-windows-x86_64 | 1.1.1 | 22.00 | 109.00 | 131.00 | NOTE | |
r-oldrel-macos-arm64 | 1.1.1 | 48.00 | NOTE | |||
r-oldrel-windows-x86_64 | 1.1.1 | 21.00 | 107.00 | 128.00 | NOTE |
Version: 1.1.1
Check: installed package size
Result: NOTE
installed size is 5.5Mb
sub-directories of 1Mb or more:
data 1.3Mb
extdata 3.8Mb
Flavors: r-devel-linux-x86_64-fedora-clang, r-prerel-macos-arm64, r-prerel-windows-x86_64, r-release-macos-arm64, r-release-macos-x86_64, r-release-windows-x86_64, r-oldrel-macos-arm64, r-oldrel-windows-x86_64