Last updated on 2024-04-18 21:56:51 CEST.
Flavor | Version | Tinstall | Tcheck | Ttotal | Status | Flags |
---|---|---|---|---|---|---|
r-devel-linux-x86_64-debian-clang | 0.2.0 | 4.95 | 46.61 | 51.56 | OK | |
r-devel-linux-x86_64-debian-gcc | 0.2.0 | 3.60 | 34.63 | 38.23 | OK | |
r-devel-linux-x86_64-fedora-clang | 0.2.0 | 63.76 | NOTE | |||
r-devel-linux-x86_64-fedora-gcc | 0.2.0 | 73.52 | NOTE | |||
r-prerel-macos-arm64 | 0.2.0 | 28.00 | OK | |||
r-prerel-windows-x86_64 | 0.2.0 | 6.00 | 63.00 | 69.00 | OK | |
r-patched-linux-x86_64 | 0.2.0 | 2.76 | 42.43 | 45.19 | OK | |
r-release-linux-x86_64 | 0.2.0 | 2.81 | 41.64 | 44.45 | OK | |
r-release-macos-arm64 | 0.2.0 | 31.00 | OK | |||
r-release-macos-x86_64 | 0.2.0 | 40.00 | OK | |||
r-release-windows-x86_64 | 0.2.0 | 6.00 | 62.00 | 68.00 | OK | |
r-oldrel-macos-arm64 | 0.2.0 | 21.00 | NOTE | |||
r-oldrel-windows-x86_64 | 0.2.0 | 7.00 | 60.00 | 67.00 | OK |
Version: 0.2.0
Check: dependencies in R code
Result: NOTE
Namespaces in Imports field not imported from:
‘knitr’ ‘rmarkdown’ ‘utils’
All declared Imports should be used.
Flavors: r-devel-linux-x86_64-fedora-clang, r-devel-linux-x86_64-fedora-gcc, r-oldrel-macos-arm64