Last updated on 2025-02-06 19:49:23 CET.
Flavor | Version | Tinstall | Tcheck | Ttotal | Status | Flags |
---|---|---|---|---|---|---|
r-devel-linux-x86_64-debian-clang | 1.3.1 | 6.73 | 55.37 | 62.10 | NOTE | |
r-devel-linux-x86_64-debian-gcc | 1.3.1 | 5.75 | 38.13 | 43.88 | NOTE | |
r-devel-linux-x86_64-fedora-clang | 1.3.1 | 100.89 | OK | |||
r-devel-linux-x86_64-fedora-gcc | 1.3.1 | 94.73 | OK | |||
r-devel-windows-x86_64 | 1.3.1 | 11.00 | 85.00 | 96.00 | NOTE | |
r-patched-linux-x86_64 | 1.3.1 | 11.93 | 50.29 | 62.22 | OK | |
r-release-linux-x86_64 | 1.3.1 | 8.21 | 51.52 | 59.73 | OK | |
r-release-macos-arm64 | 1.3.1 | 29.00 | OK | |||
r-release-macos-x86_64 | 1.3.1 | 58.00 | OK | |||
r-release-windows-x86_64 | 1.3.1 | 10.00 | 79.00 | 89.00 | OK | |
r-oldrel-macos-arm64 | 1.3.1 | 32.00 | OK | |||
r-oldrel-macos-x86_64 | 1.3.1 | 49.00 | OK | |||
r-oldrel-windows-x86_64 | 1.3.1 | 12.00 | 94.00 | 106.00 | OK |
Version: 1.3.1
Check: Rd cross-references
Result: NOTE
Found the following Rd file(s) with Rd \link{} targets missing package
anchors:
instrument.auto.Rd: setSymbolLookup
Please provide package anchors for all Rd \link{} targets not in the
package itself and the base packages.
Flavors: r-devel-linux-x86_64-debian-clang, r-devel-linux-x86_64-debian-gcc, r-devel-windows-x86_64