CRAN Package Check Results for Package FinAna

Last updated on 2025-05-09 20:49:50 CEST.

Flavor Version Tinstall Tcheck Ttotal Status Flags
r-devel-linux-x86_64-debian-clang 0.1.2 2.14 18.82 20.96 NOTE
r-devel-linux-x86_64-debian-gcc 0.1.2 1.60 15.02 16.62 NOTE
r-devel-linux-x86_64-fedora-clang 0.1.2 33.18 OK
r-devel-linux-x86_64-fedora-gcc 0.1.2 30.90 OK
r-devel-windows-x86_64 0.1.2 4.00 38.00 42.00 OK
r-patched-linux-x86_64 0.1.2 2.33 17.69 20.02 OK
r-release-linux-x86_64 0.1.2 2.14 17.94 20.08 OK
r-release-macos-arm64 0.1.2 14.00 OK
r-release-macos-x86_64 0.1.2 23.00 OK
r-release-windows-x86_64 0.1.2 4.00 39.00 43.00 OK
r-oldrel-macos-arm64 0.1.2 15.00 NOTE
r-oldrel-macos-x86_64 0.1.2 21.00 NOTE
r-oldrel-windows-x86_64 0.1.2 4.00 39.00 43.00 NOTE

Check Details

Version: 0.1.2
Check: CRAN incoming feasibility
Result: NOTE Maintainer: ‘Xuanhua(Peter) Yin <peteryin.sju@hotmail.com>’ No Authors@R field in DESCRIPTION. Please add one, modifying Authors@R: c(person(given = "Xuanhua", family = "Yin", role = "aut", email = "peteryin.sju@hotmail.com", comment = "Peter"), person(given = "Xuanhua", family = "Yin", role = "cre", email = "peteryin.sju@hotmail.com", comment = "Peter")) as necessary. Flavors: r-devel-linux-x86_64-debian-clang, r-devel-linux-x86_64-debian-gcc

Version: 0.1.2
Check: LazyData
Result: NOTE 'LazyData' is specified without a 'data' directory Flavors: r-oldrel-macos-arm64, r-oldrel-macos-x86_64, r-oldrel-windows-x86_64