Last updated on 2024-04-24 20:54:05 CEST.
Flavor | Version | Tinstall | Tcheck | Ttotal | Status | Flags |
---|---|---|---|---|---|---|
r-devel-linux-x86_64-debian-clang | 0.1.4 | 28.81 | 24.18 | 52.99 | OK | |
r-devel-linux-x86_64-debian-gcc | 0.1.4 | 24.41 | 20.36 | 44.77 | OK | |
r-devel-linux-x86_64-fedora-clang | 0.1.4 | 64.94 | OK | |||
r-devel-linux-x86_64-fedora-gcc | 0.1.4 | 73.28 | OK | |||
r-devel-windows-x86_64 | 0.1.4 | 22.00 | 45.00 | 67.00 | OK | |
r-patched-linux-x86_64 | 0.1.4 | 28.09 | 24.97 | 53.06 | OK | |
r-release-linux-x86_64 | 0.1.4 | 32.98 | 24.48 | 57.46 | OK | |
r-release-macos-arm64 | 0.1.4 | 30.00 | NOTE | |||
r-release-macos-x86_64 | 0.1.4 | 50.00 | NOTE | |||
r-release-windows-x86_64 | 0.1.4 | 23.00 | 45.00 | 68.00 | OK | |
r-oldrel-macos-arm64 | 0.1.4 | 30.00 | NOTE | |||
r-oldrel-macos-x86_64 | 0.1.4 | 54.00 | NOTE | |||
r-oldrel-windows-x86_64 | 0.1.4 | 29.00 | 75.00 | 104.00 | OK |
Version: 0.1.4
Check: installed package size
Result: NOTE
installed size is 11.2Mb
sub-directories of 1Mb or more:
libs 11.1Mb
Flavors: r-release-macos-arm64, r-release-macos-x86_64, r-oldrel-macos-arm64, r-oldrel-macos-x86_64