Last updated on 2024-03-28 19:48:30 CET.
Flavor | Version | Tinstall | Tcheck | Ttotal | Status | Flags |
---|---|---|---|---|---|---|
r-devel-linux-x86_64-debian-clang | 1.4.2 | 706.53 | 134.90 | 841.43 | OK | |
r-devel-linux-x86_64-debian-gcc | 1.4.2 | 580.48 | 136.21 | 716.69 | OK | |
r-devel-linux-x86_64-fedora-clang | 1.4.2 | 1109.16 | OK | |||
r-devel-linux-x86_64-fedora-gcc | 1.4.2 | 1280.72 | OK | |||
r-devel-windows-x86_64 | 1.4.2 | 433.00 | 173.00 | 606.00 | OK | |
r-patched-linux-x86_64 | 1.4.2 | 623.65 | 177.12 | 800.77 | OK | |
r-release-linux-x86_64 | 1.4.2 | 713.75 | 175.95 | 889.70 | OK | |
r-release-macos-arm64 | 1.4.2 | 232.00 | NOTE | |||
r-release-macos-x86_64 | 1.4.2 | 246.00 | NOTE | |||
r-release-windows-x86_64 | 1.4.2 | 575.00 | 215.00 | 790.00 | OK | |
r-oldrel-macos-arm64 | 1.4.2 | 197.00 | NOTE | |||
r-oldrel-windows-x86_64 | 1.4.2 | 568.00 | 197.00 | 765.00 | OK |
Version: 1.4.2
Check: installed package size
Result: NOTE
installed size is 49.2Mb
sub-directories of 1Mb or more:
libs 48.8Mb
Flavors: r-release-macos-arm64, r-release-macos-x86_64, r-oldrel-macos-arm64