Last updated on 2024-04-24 20:54:05 CEST.
Flavor | Version | Tinstall | Tcheck | Ttotal | Status | Flags |
---|---|---|---|---|---|---|
r-devel-linux-x86_64-debian-clang | 1.2 | 60.79 | 30.32 | 91.11 | OK | |
r-devel-linux-x86_64-debian-gcc | 1.2 | 39.88 | 25.12 | 65.00 | OK | |
r-devel-linux-x86_64-fedora-clang | 1.2 | 119.58 | NOTE | |||
r-devel-linux-x86_64-fedora-gcc | 1.2 | 118.34 | NOTE | |||
r-devel-windows-x86_64 | 1.2 | 42.00 | 62.00 | 104.00 | OK | |
r-patched-linux-x86_64 | 1.2 | 46.73 | 31.99 | 78.72 | OK | |
r-release-linux-x86_64 | 1.2 | 54.64 | 31.85 | 86.49 | OK | |
r-release-macos-arm64 | 1.2 | 35.00 | NOTE | |||
r-release-windows-x86_64 | 1.2 | 41.00 | 62.00 | 103.00 | OK | |
r-oldrel-macos-arm64 | 1.2 | 34.00 | NOTE | |||
r-oldrel-macos-x86_64 | 1.2 | 50.00 | NOTE | |||
r-oldrel-windows-x86_64 | 1.2 | 52.00 | 70.00 | 122.00 | OK |
Version: 1.2
Check: compiled code
Result: NOTE
File ‘FastGP/libs/FastGP.so’:
Found no calls to: ‘R_registerRoutines’, ‘R_useDynamicSymbols’
It is good practice to register native routines and to disable symbol
search.
See ‘Writing portable packages’ in the ‘Writing R Extensions’ manual.
Flavors: r-devel-linux-x86_64-fedora-clang, r-devel-linux-x86_64-fedora-gcc
Version: 1.2
Check: installed package size
Result: NOTE
installed size is 7.2Mb
sub-directories of 1Mb or more:
libs 6.8Mb
Flavors: r-release-macos-arm64, r-oldrel-macos-arm64, r-oldrel-macos-x86_64