Last updated on 2024-08-15 20:48:16 CEST.
Flavor | Version | Tinstall | Tcheck | Ttotal | Status | Flags |
---|---|---|---|---|---|---|
r-devel-linux-x86_64-debian-clang | 2.3.1 | 155.34 | 505.88 | 661.22 | NOTE | |
r-devel-linux-x86_64-debian-gcc | 2.3.1 | 128.17 | 362.21 | 490.38 | NOTE | |
r-devel-linux-x86_64-fedora-clang | 2.3.1 | 996.70 | NOTE | |||
r-devel-linux-x86_64-fedora-gcc | 2.3.1 | 1095.12 | NOTE | |||
r-devel-windows-x86_64 | 2.3.1 | 136.00 | 310.00 | 446.00 | NOTE | --no-vignettes |
r-patched-linux-x86_64 | 2.3.1 | 164.01 | 476.48 | 640.49 | NOTE | |
r-release-linux-x86_64 | 2.3.1 | 160.42 | 476.62 | 637.04 | NOTE | |
r-release-macos-arm64 | 2.3.1 | 200.00 | NOTE | |||
r-release-macos-x86_64 | 2.3.1 | 385.00 | NOTE | |||
r-release-windows-x86_64 | 2.3.1 | 136.00 | 301.00 | 437.00 | NOTE | --no-vignettes |
r-oldrel-macos-arm64 | 2.3.1 | 422.00 | NOTE | |||
r-oldrel-macos-x86_64 | 2.3.1 | 630.00 | NOTE | |||
r-oldrel-windows-x86_64 | 2.3.1 | 183.00 | 346.00 | 529.00 | NOTE | --no-vignettes |
Version: 2.3.1
Check: package dependencies
Result: NOTE
Package suggested but not available for checking: ‘dggrids’
Flavors: r-devel-linux-x86_64-debian-clang, r-devel-linux-x86_64-debian-gcc, r-devel-linux-x86_64-fedora-clang, r-devel-linux-x86_64-fedora-gcc, r-patched-linux-x86_64, r-release-linux-x86_64, r-release-macos-arm64, r-release-macos-x86_64, r-oldrel-macos-arm64, r-oldrel-macos-x86_64
Version: 2.3.1
Check: installed package size
Result: NOTE
installed size is 9.5Mb
sub-directories of 1Mb or more:
data 4.8Mb
doc 1.8Mb
libs 1.7Mb
Flavors: r-devel-linux-x86_64-fedora-clang, r-release-macos-arm64, r-release-macos-x86_64, r-oldrel-macos-arm64, r-oldrel-macos-x86_64
Version: 2.3.1
Flags: --no-vignettes
Check: package dependencies
Result: NOTE
Package suggested but not available for checking: 'dggrids'
Flavors: r-devel-windows-x86_64, r-release-windows-x86_64, r-oldrel-windows-x86_64
Version: 2.3.1
Flags: --no-vignettes
Check: installed package size
Result: NOTE
installed size is 20.6Mb
sub-directories of 1Mb or more:
data 4.8Mb
doc 1.8Mb
libs 12.8Mb
Flavors: r-devel-windows-x86_64, r-release-windows-x86_64, r-oldrel-windows-x86_64