Last updated on 2024-07-17 20:56:59 CEST.
Flavor | Version | Tinstall | Tcheck | Ttotal | Status | Flags |
---|---|---|---|---|---|---|
r-devel-linux-x86_64-debian-clang | 1.3.6.3 | 10.32 | 242.80 | 253.12 | OK | |
r-devel-linux-x86_64-debian-gcc | 1.3.6.3 | 5.78 | 177.38 | 183.16 | OK | |
r-devel-linux-x86_64-fedora-clang | 1.3.6.3 | 306.55 | OK | |||
r-devel-linux-x86_64-fedora-gcc | 1.3.6.3 | 303.12 | OK | |||
r-devel-windows-x86_64 | 1.3.6.3 | 12.00 | 277.00 | 289.00 | NOTE | |
r-patched-linux-x86_64 | 1.3.6.3 | 12.73 | 237.80 | 250.53 | OK | |
r-release-linux-x86_64 | 1.3.6.3 | 6.71 | 227.56 | 234.27 | OK | |
r-release-macos-arm64 | 1.3.6.3 | 86.00 | OK | |||
r-release-macos-x86_64 | 1.3.6.3 | 166.00 | OK | |||
r-release-windows-x86_64 | 1.3.6.3 | 11.00 | 279.00 | 290.00 | OK | |
r-oldrel-macos-arm64 | 1.3.6.3 | 142.00 | OK | |||
r-oldrel-macos-x86_64 | 1.3.6.3 | 397.00 | OK | |||
r-oldrel-windows-x86_64 | 1.3.6.3 | 13.00 | 285.00 | 298.00 | OK |
Version: 1.3.6.3
Check: Rd cross-references
Result: NOTE
Found the following Rd file(s) with Rd \link{} targets missing package
anchors:
obsplot.Rd: print.deSolve, ode, deSolve
Please provide package anchors for all Rd \link{} targets not in the
package itself and the base packages.
Flavor: r-devel-windows-x86_64