Last updated on 2025-11-03 21:50:21 CET.
| Flavor | Version | Tinstall | Tcheck | Ttotal | Status | Flags | 
|---|---|---|---|---|---|---|
| r-devel-linux-x86_64-debian-clang | 9.2.8 | 233.65 | 51.07 | 284.72 | OK | |
| r-devel-linux-x86_64-debian-gcc | 9.2.8 | 212.46 | 38.04 | 250.50 | OK | |
| r-devel-linux-x86_64-fedora-clang | 9.2.8 | 263.00 | 215.50 | 478.50 | OK | |
| r-devel-linux-x86_64-fedora-gcc | 9.2.8 | 320.00 | 320.38 | 640.38 | OK | |
| r-devel-windows-x86_64 | 9.2.8 | 266.00 | 93.00 | 359.00 | OK | |
| r-patched-linux-x86_64 | 9.2.8 | 288.57 | 47.40 | 335.97 | OK | |
| r-release-linux-x86_64 | 9.2.8 | 293.35 | 47.27 | 340.62 | OK | |
| r-release-macos-arm64 | 9.2.8 | 120.00 | 43.00 | 163.00 | OK | |
| r-release-macos-x86_64 | 9.2.8 | 91.00 | 54.00 | 145.00 | OK | |
| r-release-windows-x86_64 | 9.2.8 | 280.00 | 91.00 | 371.00 | OK | |
| r-oldrel-macos-arm64 | 9.2.8 | 110.00 | 36.00 | 146.00 | NOTE | |
| r-oldrel-macos-x86_64 | 9.2.8 | 95.00 | 63.00 | 158.00 | NOTE | |
| r-oldrel-windows-x86_64 | 9.2.8 | 252.00 | 112.00 | 364.00 | NOTE | 
Version: 9.2.8
Check: installed package size
Result: NOTE
    installed size is 26.8Mb
    sub-directories of 1Mb or more:
      libs  26.5Mb
Flavors: r-oldrel-macos-arm64, r-oldrel-macos-x86_64
Version: 9.2.8
Check: for GNU extensions in Makefiles
Result: NOTE
  GNU make is a SystemRequirements.
Flavors: r-oldrel-macos-arm64, r-oldrel-macos-x86_64, r-oldrel-windows-x86_64