CRAN Package Check Results for Package FKSUM

Last updated on 2022-09-28 21:51:37 CEST.

Flavor Version Tinstall Tcheck Ttotal Status Flags
r-devel-linux-x86_64-debian-clang 1.0.0 53.04 88.54 141.58 NOTE
r-devel-linux-x86_64-debian-gcc 1.0.0 39.03 66.67 105.70 NOTE
r-devel-linux-x86_64-fedora-clang 1.0.0 198.09 NOTE
r-devel-linux-x86_64-fedora-gcc 1.0.0 181.03 NOTE
r-devel-windows-x86_64 1.0.0 58.00 149.00 207.00 NOTE
r-patched-linux-x86_64 1.0.0 40.70 84.58 125.28 OK
r-release-linux-x86_64 1.0.0 48.49 85.28 133.77 OK
r-release-macos-arm64 1.0.0 52.00 OK
r-release-macos-x86_64 1.0.0 64.00 OK
r-release-windows-x86_64 1.0.0 54.00 139.00 193.00 OK
r-oldrel-macos-arm64 1.0.0 45.00 OK
r-oldrel-macos-x86_64 1.0.0 63.00 OK
r-oldrel-windows-ix86+x86_64 1.0.0 127.00 164.00 291.00 OK

Check Details

Version: 1.0.0
Check: Rd files
Result: NOTE
    checkRd: (-1) fk_regression.Rd:32: Escaped LaTeX specials: \&
Flavors: r-devel-linux-x86_64-debian-clang, r-devel-linux-x86_64-debian-gcc, r-devel-linux-x86_64-fedora-clang, r-devel-linux-x86_64-fedora-gcc, r-devel-windows-x86_64