Last updated on 2025-02-06 19:49:23 CET.
Flavor | Version | Tinstall | Tcheck | Ttotal | Status | Flags |
---|---|---|---|---|---|---|
r-devel-linux-x86_64-debian-clang | 0.94 | 2.10 | 20.88 | 22.98 | OK | |
r-devel-linux-x86_64-debian-gcc | 0.94 | 1.79 | 16.29 | 18.08 | OK | |
r-devel-linux-x86_64-fedora-clang | 0.94 | 37.25 | OK | |||
r-devel-linux-x86_64-fedora-gcc | 0.94 | 35.00 | OK | |||
r-devel-windows-x86_64 | 0.94 | 3.00 | 45.00 | 48.00 | OK | |
r-patched-linux-x86_64 | 0.94 | 2.46 | 19.65 | 22.11 | NOTE | |
r-release-linux-x86_64 | 0.94 | 2.02 | 19.70 | 21.72 | NOTE | |
r-release-macos-arm64 | 0.94 | 15.00 | NOTE | |||
r-release-macos-x86_64 | 0.94 | 22.00 | NOTE | |||
r-release-windows-x86_64 | 0.94 | 3.00 | 45.00 | 48.00 | NOTE | |
r-oldrel-macos-arm64 | 0.94 | 16.00 | NOTE | |||
r-oldrel-macos-x86_64 | 0.94 | 21.00 | NOTE | |||
r-oldrel-windows-x86_64 | 0.94 | 4.00 | 47.00 | 51.00 | NOTE |
Version: 0.94
Check: LazyData
Result: NOTE
'LazyData' is specified without a 'data' directory
Flavors: r-patched-linux-x86_64, r-release-linux-x86_64, r-release-macos-arm64, r-release-macos-x86_64, r-release-windows-x86_64, r-oldrel-macos-arm64, r-oldrel-macos-x86_64, r-oldrel-windows-x86_64