Last updated on 2025-05-09 20:49:50 CEST.
Flavor | Version | Tinstall | Tcheck | Ttotal | Status | Flags |
---|---|---|---|---|---|---|
r-devel-linux-x86_64-debian-clang | 0.94 | 2.03 | 21.40 | 23.43 | OK | |
r-devel-linux-x86_64-debian-gcc | 0.94 | 1.69 | 17.32 | 19.01 | OK | |
r-devel-linux-x86_64-fedora-clang | 0.94 | 37.74 | OK | |||
r-devel-linux-x86_64-fedora-gcc | 0.94 | 34.32 | OK | |||
r-devel-windows-x86_64 | 0.94 | 3.00 | 43.00 | 46.00 | OK | |
r-patched-linux-x86_64 | 0.94 | 2.53 | 20.60 | 23.13 | OK | |
r-release-linux-x86_64 | 0.94 | 2.32 | 20.42 | 22.74 | OK | |
r-release-macos-arm64 | 0.94 | 17.00 | OK | |||
r-release-macos-x86_64 | 0.94 | 26.00 | OK | |||
r-release-windows-x86_64 | 0.94 | 3.00 | 44.00 | 47.00 | OK | |
r-oldrel-macos-arm64 | 0.94 | 15.00 | NOTE | |||
r-oldrel-macos-x86_64 | 0.94 | 22.00 | NOTE | |||
r-oldrel-windows-x86_64 | 0.94 | 3.00 | 48.00 | 51.00 | NOTE |
Version: 0.94
Check: LazyData
Result: NOTE
'LazyData' is specified without a 'data' directory
Flavors: r-oldrel-macos-arm64, r-oldrel-macos-x86_64, r-oldrel-windows-x86_64