Last updated on 2025-05-07 20:49:44 CEST.
Flavor | Version | Tinstall | Tcheck | Ttotal | Status | Flags |
---|---|---|---|---|---|---|
r-devel-linux-x86_64-debian-clang | 1.1.2 | 2.76 | 26.41 | 29.17 | NOTE | |
r-devel-linux-x86_64-debian-gcc | 1.1.2 | 1.99 | 21.63 | 23.62 | NOTE | |
r-devel-linux-x86_64-fedora-clang | 1.1.2 | 44.93 | OK | |||
r-devel-linux-x86_64-fedora-gcc | 1.1.2 | 42.96 | OK | |||
r-devel-windows-x86_64 | 1.1.2 | 6.00 | 47.00 | 53.00 | OK | |
r-patched-linux-x86_64 | 1.1.2 | 2.52 | 25.76 | 28.28 | OK | |
r-release-linux-x86_64 | 1.1.2 | 2.53 | 25.63 | 28.16 | OK | |
r-release-macos-arm64 | 1.1.2 | 20.00 | OK | |||
r-release-macos-x86_64 | 1.1.2 | 38.00 | OK | |||
r-release-windows-x86_64 | 1.1.2 | 4.00 | 50.00 | 54.00 | OK | |
r-oldrel-macos-arm64 | 1.1.2 | 18.00 | OK | |||
r-oldrel-macos-x86_64 | 1.1.2 | 33.00 | OK | |||
r-oldrel-windows-x86_64 | 1.1.2 | 4.00 | 56.00 | 60.00 | OK |
Version: 1.1.2
Check: CRAN incoming feasibility
Result: NOTE
Maintainer: ‘Andrew Robinson <apro@unimelb.edu.au>’
No Authors@R field in DESCRIPTION.
Please add one, modifying
Authors@R: c(person(given = "Andrew",
family = "Robinson",
role = c("aut", "cre"),
email = "apro@unimelb.edu.au"),
person(given = "Jeff",
family = "Hamann",
role = "aut"))
as necessary.
Flavors: r-devel-linux-x86_64-debian-clang, r-devel-linux-x86_64-debian-gcc