Last updated on 2025-11-23 20:48:47 CET.
| Flavor | Version | Tinstall | Tcheck | Ttotal | Status | Flags |
|---|---|---|---|---|---|---|
| r-devel-linux-x86_64-debian-clang | 1.3.7 | 3.34 | 81.39 | 84.73 | NOTE | |
| r-devel-linux-x86_64-debian-gcc | 1.3.7 | 2.47 | 53.00 | 55.47 | NOTE | |
| r-devel-linux-x86_64-fedora-clang | 1.3.7 | 134.98 | OK | |||
| r-devel-windows-x86_64 | 1.3.7 | 9.00 | 106.00 | 115.00 | OK | |
| r-patched-linux-x86_64 | 1.3.7 | 3.33 | 79.01 | 82.34 | OK | |
| r-release-linux-x86_64 | 1.3.7 | 2.66 | 78.02 | 80.68 | OK | |
| r-release-macos-arm64 | 1.3.7 | OK | ||||
| r-release-macos-x86_64 | 1.3.7 | 4.00 | 99.00 | 103.00 | OK | |
| r-release-windows-x86_64 | 1.3.7 | 6.00 | 154.00 | 160.00 | OK | |
| r-oldrel-macos-arm64 | 1.3.7 | OK | ||||
| r-oldrel-macos-x86_64 | 1.3.7 | 4.00 | 72.00 | 76.00 | OK | |
| r-oldrel-windows-x86_64 | 1.3.7 | 6.00 | 130.00 | 136.00 | OK |
Version: 1.3.7
Check: CRAN incoming feasibility
Result: NOTE
Maintainer: ‘Thomas Petzoldt <thomas.petzoldt@tu-dresden.de>’
No Authors@R field in DESCRIPTION.
Please add one, modifying
Authors@R: c(person(given = "Francois",
family = "Aucoin",
role = "aut"),
person(given = "Thomas",
family = "Petzoldt",
role = "cre",
email = "thomas.petzoldt@tu-dresden.de"))
as necessary.
Flavors: r-devel-linux-x86_64-debian-clang, r-devel-linux-x86_64-debian-gcc