CRAN Package Check Results for Package ExpertChoice

Last updated on 2024-02-29 20:05:26 CET.

Flavor Version Tinstall Tcheck Ttotal Status Flags
r-devel-linux-x86_64-debian-clang 0.2.0 2.98 54.06 57.04 NOTE
r-devel-linux-x86_64-debian-gcc 0.2.0 1.78 42.71 44.49 NOTE
r-devel-linux-x86_64-fedora-clang 0.2.0 73.56 NOTE
r-devel-linux-x86_64-fedora-gcc 0.2.0 80.65 NOTE
r-devel-windows-x86_64 0.2.0 4.00 72.00 76.00 NOTE
r-patched-linux-x86_64 0.2.0 2.63 53.89 56.52 NOTE
r-release-linux-x86_64 0.2.0 2.79 54.21 57.00 NOTE
r-release-macos-arm64 0.2.0 35.00 NOTE
r-release-macos-x86_64 0.2.0 55.00 NOTE
r-release-windows-x86_64 0.2.0 5.00 76.00 81.00 NOTE
r-oldrel-macos-arm64 0.2.0 28.00 NOTE
r-oldrel-windows-x86_64 0.2.0 5.00 78.00 83.00 NOTE

Check Details

Version: 0.2.0
Check: LazyData
Result: NOTE 'LazyData' is specified without a 'data' directory Flavors: r-devel-linux-x86_64-debian-clang, r-devel-linux-x86_64-debian-gcc, r-devel-linux-x86_64-fedora-clang, r-devel-linux-x86_64-fedora-gcc, r-devel-windows-x86_64, r-patched-linux-x86_64, r-release-linux-x86_64, r-release-macos-arm64, r-release-macos-x86_64, r-release-windows-x86_64, r-oldrel-macos-arm64, r-oldrel-windows-x86_64