Last updated on 2024-07-17 20:56:59 CEST.
Flavor | Version | Tinstall | Tcheck | Ttotal | Status | Flags |
---|---|---|---|---|---|---|
r-devel-linux-x86_64-debian-clang | 0.9 | 12.15 | 104.55 | 116.70 | NOTE | |
r-devel-linux-x86_64-debian-gcc | 0.9 | 10.22 | 75.85 | 86.07 | NOTE | |
r-devel-linux-x86_64-fedora-clang | 0.9 | 154.42 | NOTE | |||
r-devel-linux-x86_64-fedora-gcc | 0.9 | 132.59 | NOTE | |||
r-devel-windows-x86_64 | 0.9 | 9.00 | 87.00 | 96.00 | NOTE | |
r-patched-linux-x86_64 | 0.9 | 6.95 | 98.07 | 105.02 | NOTE | |
r-release-linux-x86_64 | 0.9 | 7.26 | 95.36 | 102.62 | NOTE | |
r-release-macos-arm64 | 0.9 | 40.00 | NOTE | |||
r-release-macos-x86_64 | 0.9 | 64.00 | NOTE | |||
r-release-windows-x86_64 | 0.9 | 11.00 | 88.00 | 99.00 | NOTE | |
r-oldrel-macos-arm64 | 0.9 | 44.00 | OK | |||
r-oldrel-macos-x86_64 | 0.9 | 64.00 | OK | |||
r-oldrel-windows-x86_64 | 0.9 | 15.00 | 106.00 | 121.00 | OK |
Version: 0.9
Check: Rd files
Result: NOTE
checkRd: (-1) ShapeDist.Rd:18: Lost braces; missing escapes or markup?
18 | Procrustes distance provides a measure of coincidence of two point sets {xi} and {yi}, i=1..N. For this purpose the variance of point deviations is calculated at the optimal superposition of the sets. It allows to characterize the shape proximity of a given simplex to shape of a reference one.
| ^
checkRd: (-1) ShapeDist.Rd:18: Lost braces; missing escapes or markup?
18 | Procrustes distance provides a measure of coincidence of two point sets {xi} and {yi}, i=1..N. For this purpose the variance of point deviations is calculated at the optimal superposition of the sets. It allows to characterize the shape proximity of a given simplex to shape of a reference one.
| ^
Flavors: r-devel-linux-x86_64-debian-clang, r-devel-linux-x86_64-debian-gcc, r-devel-linux-x86_64-fedora-clang, r-devel-linux-x86_64-fedora-gcc, r-devel-windows-x86_64, r-patched-linux-x86_64, r-release-linux-x86_64, r-release-macos-arm64, r-release-macos-x86_64, r-release-windows-x86_64