Last updated on 2024-07-17 20:56:59 CEST.
Flavor | Version | Tinstall | Tcheck | Ttotal | Status | Flags |
---|---|---|---|---|---|---|
r-devel-linux-x86_64-debian-clang | 1.1 | 11.04 | 111.38 | 122.42 | OK | |
r-devel-linux-x86_64-debian-gcc | 1.1 | 9.19 | 78.82 | 88.01 | OK | |
r-devel-linux-x86_64-fedora-clang | 1.1 | 149.83 | OK | |||
r-devel-linux-x86_64-fedora-gcc | 1.1 | 139.20 | OK | |||
r-devel-windows-x86_64 | 1.1 | 11.00 | 96.00 | 107.00 | NOTE | |
r-patched-linux-x86_64 | 1.1 | 17.26 | 107.19 | 124.45 | OK | |
r-release-linux-x86_64 | 1.1 | 11.32 | 106.76 | 118.08 | OK | |
r-release-macos-arm64 | 1.1 | 40.00 | OK | |||
r-release-macos-x86_64 | 1.1 | 62.00 | OK | |||
r-release-windows-x86_64 | 1.1 | 11.00 | 97.00 | 108.00 | OK | |
r-oldrel-macos-arm64 | 1.1 | 43.00 | OK | |||
r-oldrel-macos-x86_64 | 1.1 | 68.00 | OK | |||
r-oldrel-windows-x86_64 | 1.1 | 14.00 | 114.00 | 128.00 | OK |
Version: 1.1
Check: Rd cross-references
Result: NOTE
Found the following Rd file(s) with Rd \link{} targets missing package
anchors:
freq_binom_one_simons_twostage.Rd: ph2simon
Please provide package anchors for all Rd \link{} targets not in the
package itself and the base packages.
Flavor: r-devel-windows-x86_64