CRAN Package Check Results for Package ErlangC

Last updated on 2025-11-02 23:49:37 CET.

Flavor Version Tinstall Tcheck Ttotal Status Flags
r-devel-linux-x86_64-debian-clang 0.1.0 1.97 23.66 25.63 NOTE
r-devel-linux-x86_64-debian-gcc 0.1.0 1.46 19.17 20.63 NOTE
r-devel-linux-x86_64-fedora-clang 0.1.0 36.72 NOTE
r-devel-linux-x86_64-fedora-gcc 0.1.0 35.68 NOTE
r-devel-windows-x86_64 0.1.0 4.00 41.00 45.00 NOTE
r-patched-linux-x86_64 0.1.0 1.98 21.53 23.51 NOTE
r-release-linux-x86_64 0.1.0 1.95 21.40 23.35 NOTE
r-release-macos-arm64 0.1.0 1.00 17.00 18.00 NOTE
r-release-macos-x86_64 0.1.0 2.00 24.00 26.00 NOTE
r-release-windows-x86_64 0.1.0 4.00 39.00 43.00 NOTE
r-oldrel-macos-arm64 0.1.0 1.00 21.00 22.00 OK
r-oldrel-macos-x86_64 0.1.0 3.00 45.00 48.00 OK
r-oldrel-windows-x86_64 0.1.0 5.00 64.00 69.00 OK

Check Details

Version: 0.1.0
Check: DESCRIPTION meta-information
Result: NOTE Missing dependency on R >= 4.1.0 because package code uses the pipe |> or function shorthand \(...) syntax added in R 4.1.0. File(s) using such syntax: ‘erlang_c_app.R’ Flavors: r-devel-linux-x86_64-debian-clang, r-devel-linux-x86_64-debian-gcc, r-devel-linux-x86_64-fedora-clang, r-devel-linux-x86_64-fedora-gcc, r-devel-windows-x86_64, r-patched-linux-x86_64, r-release-linux-x86_64, r-release-macos-arm64, r-release-macos-x86_64, r-release-windows-x86_64