Last updated on 2024-03-27 19:56:50 CET.
Flavor | Version | Tinstall | Tcheck | Ttotal | Status | Flags |
---|---|---|---|---|---|---|
r-devel-linux-x86_64-debian-clang | 2.4.0 | 49.84 | 716.85 | 766.69 | OK | |
r-devel-linux-x86_64-debian-gcc | 2.4.0 | 36.73 | 532.75 | 569.48 | OK | |
r-devel-linux-x86_64-fedora-clang | 2.4.0 | 927.21 | OK | |||
r-devel-linux-x86_64-fedora-gcc | 2.4.0 | 934.61 | OK | |||
r-devel-windows-x86_64 | 2.4.0 | 43.00 | 543.00 | 586.00 | OK | |
r-patched-linux-x86_64 | 2.4.0 | 41.26 | 697.93 | 739.19 | OK | |
r-release-linux-x86_64 | 2.4.0 | 32.45 | 697.36 | 729.81 | OK | |
r-release-macos-arm64 | 2.4.0 | 209.00 | OK | |||
r-release-macos-x86_64 | 2.4.0 | 462.00 | OK | |||
r-release-windows-x86_64 | 2.4.0 | 54.00 | 731.00 | 785.00 | NOTE | |
r-oldrel-macos-arm64 | 2.4.0 | 221.00 | OK | |||
r-oldrel-windows-x86_64 | 2.4.0 | 54.00 | 696.00 | 750.00 | NOTE |
Version: 2.4.0
Check: installed package size
Result: NOTE
installed size is 5.0Mb
sub-directories of 1Mb or more:
doc 2.8Mb
libs 1.0Mb
Flavors: r-release-windows-x86_64, r-oldrel-windows-x86_64