Last updated on 2024-03-28 19:48:30 CET.
Flavor | Version | Tinstall | Tcheck | Ttotal | Status | Flags |
---|---|---|---|---|---|---|
r-devel-linux-x86_64-debian-clang | 2.4-2 | 5.73 | 83.97 | 89.70 | OK | |
r-devel-linux-x86_64-debian-gcc | 2.4-2 | 5.34 | 65.10 | 70.44 | OK | |
r-devel-linux-x86_64-fedora-clang | 2.4-2 | 122.14 | NOTE | |||
r-devel-linux-x86_64-fedora-gcc | 2.4-2 | 137.05 | NOTE | |||
r-devel-windows-x86_64 | 2.4-2 | 7.00 | 135.00 | 142.00 | OK | |
r-patched-linux-x86_64 | 2.4-2 | 6.87 | 83.36 | 90.23 | OK | |
r-release-linux-x86_64 | 2.4-2 | 6.14 | 80.66 | 86.80 | OK | |
r-release-macos-arm64 | 2.4-2 | 43.00 | OK | |||
r-release-macos-x86_64 | 2.4-2 | 61.00 | OK | |||
r-release-windows-x86_64 | 2.4-2 | 9.00 | 129.00 | 138.00 | OK | |
r-oldrel-macos-arm64 | 2.4-2 | 37.00 | NOTE | |||
r-oldrel-windows-x86_64 | 2.4-2 | 9.00 | 132.00 | 141.00 | OK |
Version: 2.4-2
Check: dependencies in R code
Result: NOTE
Namespace in Imports field not imported from: ‘tibble’
All declared Imports should be used.
Flavors: r-devel-linux-x86_64-fedora-clang, r-devel-linux-x86_64-fedora-gcc, r-oldrel-macos-arm64