Last updated on 2024-07-17 20:56:59 CEST.
Flavor | Version | Tinstall | Tcheck | Ttotal | Status | Flags |
---|---|---|---|---|---|---|
r-devel-linux-x86_64-debian-clang | 0.8 | 10.57 | 103.52 | 114.09 | OK | |
r-devel-linux-x86_64-debian-gcc | 0.8 | 8.49 | 75.52 | 84.01 | OK | |
r-devel-linux-x86_64-fedora-clang | 0.8 | 140.71 | OK | |||
r-devel-linux-x86_64-fedora-gcc | 0.8 | 134.86 | OK | |||
r-devel-windows-x86_64 | 0.8 | 11.00 | 92.00 | 103.00 | NOTE | |
r-patched-linux-x86_64 | 0.8 | 14.22 | 98.78 | 113.00 | OK | |
r-release-linux-x86_64 | 0.8 | 8.87 | 98.24 | 107.11 | OK | |
r-release-macos-arm64 | 0.8 | 43.00 | OK | |||
r-release-macos-x86_64 | 0.8 | 62.00 | OK | |||
r-release-windows-x86_64 | 0.8 | 10.00 | 94.00 | 104.00 | OK | |
r-oldrel-macos-arm64 | 0.8 | 44.00 | OK | |||
r-oldrel-macos-x86_64 | 0.8 | 70.00 | OK | |||
r-oldrel-windows-x86_64 | 0.8 | 14.00 | 109.00 | 123.00 | OK |
Version: 0.8
Check: Rd cross-references
Result: NOTE
Found the following Rd file(s) with Rd \link{} targets missing package
anchors:
Regression.Select.MinAvgErr.Config-class.Rd: Instance.List-class,
Regression.Select.Config-class
Regression.Select.MinAvgErr.FitObj-class.Rd:
Regression.Select.Config-class, RegressionSelectPred-class,
Regression.Select.FitObj-class
ecv.regression.Rd: Instance.List-class,
Regression.CV.Batch.FitObj-class, Regression.Batch.FitObj-class
ecv.regression.baselearner.control.Rd: rmse.error
Please provide package anchors for all Rd \link{} targets not in the
package itself and the base packages.
Flavor: r-devel-windows-x86_64