Last updated on 2024-04-22 20:53:35 CEST.
Flavor | Version | Tinstall | Tcheck | Ttotal | Status | Flags |
---|---|---|---|---|---|---|
r-devel-linux-x86_64-debian-clang | 1.0.2 | 0.47 | 2.01 | 2.48 | ERROR | |
r-devel-linux-x86_64-debian-gcc | 1.0.2 | 12.99 | 114.09 | 127.08 | NOTE | |
r-devel-linux-x86_64-fedora-clang | 1.0.2 | 212.84 | NOTE | |||
r-devel-linux-x86_64-fedora-gcc | 1.0.2 | 206.08 | NOTE | |||
r-prerel-macos-arm64 | 1.0.2 | 58.00 | NOTE | |||
r-prerel-macos-x86_64 | 1.0.2 | 124.00 | OK | |||
r-prerel-windows-x86_64 | 1.0.2 | 13.00 | 116.00 | 129.00 | NOTE | |
r-patched-linux-x86_64 | 1.0.2 | 19.98 | 145.65 | 165.63 | NOTE | |
r-release-linux-x86_64 | 1.0.2 | 18.08 | 154.89 | 172.97 | OK | |
r-release-macos-arm64 | 1.0.2 | 62.00 | OK | |||
r-release-macos-x86_64 | 1.0.2 | 103.00 | OK | |||
r-release-windows-x86_64 | 1.0.2 | 17.00 | 150.00 | 167.00 | OK | |
r-oldrel-macos-arm64 | 1.0.2 | 58.00 | OK | |||
r-oldrel-windows-x86_64 | 1.0.2 | 21.00 | 166.00 | 187.00 | OK |
Version: 1.0.2
Check: package dependencies
Result: ERROR
Package required but not available: ‘Biostrings’
See section ‘The DESCRIPTION file’ in the ‘Writing R Extensions’
manual.
Flavor: r-devel-linux-x86_64-debian-clang
Version: 1.0.2
Check: Rd files
Result: NOTE
checkRd: (-1) droso.Rd:8: Lost braces; missing escapes or markup?
8 | The dataset contains 400 true donor sites, 400 false donor sites and 50 false sites as test set. Each sequence is of 40 nucleotides long. The conserved di-nucleotides GT are present at $21^{st}$ and $22^{nd}$ positions respectively.
| ^
checkRd: (-1) droso.Rd:8: Lost braces; missing escapes or markup?
8 | The dataset contains 400 true donor sites, 400 false donor sites and 50 false sites as test set. Each sequence is of 40 nucleotides long. The conserved di-nucleotides GT are present at $21^{st}$ and $22^{nd}$ positions respectively.
| ^
Flavors: r-devel-linux-x86_64-debian-gcc, r-devel-linux-x86_64-fedora-clang, r-devel-linux-x86_64-fedora-gcc, r-prerel-macos-arm64, r-prerel-windows-x86_64, r-patched-linux-x86_64