Last updated on 2025-06-30 21:49:20 CEST.
Flavor | Version | Tinstall | Tcheck | Ttotal | Status | Flags |
---|---|---|---|---|---|---|
r-devel-linux-x86_64-debian-clang | 1.0.5 | 220.38 | 39.61 | 259.99 | OK | |
r-devel-linux-x86_64-debian-gcc | 1.0.5 | 168.69 | 30.28 | 198.97 | OK | |
r-devel-linux-x86_64-fedora-clang | 1.0.5 | 599.92 | OK | |||
r-devel-linux-x86_64-fedora-gcc | 1.0.5 | 513.68 | OK | |||
r-devel-windows-x86_64 | 1.0.5 | 264.00 | 90.00 | 354.00 | OK | |
r-patched-linux-x86_64 | OK | |||||
r-release-linux-x86_64 | 1.0.5 | 240.53 | 36.37 | 276.90 | OK | |
r-release-macos-arm64 | 1.0.5 | 108.00 | OK | |||
r-release-macos-x86_64 | 1.0.5 | 119.00 | OK | |||
r-release-windows-x86_64 | 1.0.5 | 290.00 | 93.00 | 383.00 | OK | |
r-oldrel-macos-arm64 | 1.0.5 | 112.00 | NOTE | |||
r-oldrel-macos-x86_64 | 1.0.5 | 110.00 | NOTE | |||
r-oldrel-windows-x86_64 | 1.0.5 | 330.00 | 111.00 | 441.00 | OK |
Version: 1.0.5
Check: installed package size
Result: NOTE
installed size is 15.0Mb
sub-directories of 1Mb or more:
libs 14.6Mb
Flavors: r-oldrel-macos-arm64, r-oldrel-macos-x86_64