CRAN Package Check Results for Package EmbedSOM

Last updated on 2023-01-26 19:49:26 CET.

Flavor Version Tinstall Tcheck Ttotal Status Flags
r-devel-linux-x86_64-debian-clang 2.1.2 35.58 66.97 102.55 OK
r-devel-linux-x86_64-debian-gcc 2.1.2 21.47 48.89 70.36 OK
r-devel-linux-x86_64-fedora-clang 2.1.2 130.71 NOTE
r-devel-linux-x86_64-fedora-gcc 2.1.2 133.98 NOTE
r-devel-windows-x86_64 2.1.2 40.00 154.00 194.00 OK
r-patched-linux-x86_64 2.1.2 23.57 65.40 88.97 OK
r-release-linux-x86_64 2.1.2 23.44 66.71 90.15 OK
r-release-macos-arm64 2.1.2 47.00 NOTE
r-release-macos-x86_64 2.1.2 64.00 NOTE
r-release-windows-x86_64 2.1.2 32.00 153.00 185.00 OK
r-oldrel-macos-arm64 2.1.2 48.00 NOTE
r-oldrel-macos-x86_64 2.1.2 66.00 NOTE
r-oldrel-windows-ix86+x86_64 2.1.2 53.00 127.00 180.00 OK

Check Details

Version: 2.1.2
Check: dependencies in R code
Result: NOTE
    Namespaces in Imports field not imported from:
     ‘Matrix’ ‘Rtsne’ ‘uwot’
     All declared Imports should be used.
Flavors: r-devel-linux-x86_64-fedora-clang, r-devel-linux-x86_64-fedora-gcc, r-release-macos-arm64, r-release-macos-x86_64, r-oldrel-macos-arm64, r-oldrel-macos-x86_64