Last updated on 2024-04-18 21:56:49 CEST.
Flavor | Version | Tinstall | Tcheck | Ttotal | Status | Flags |
---|---|---|---|---|---|---|
r-devel-linux-x86_64-debian-clang | 0.46.11 | 77.51 | 195.44 | 272.95 | OK | |
r-devel-linux-x86_64-debian-gcc | 0.46.11 | 60.96 | 147.28 | 208.24 | OK | |
r-devel-linux-x86_64-fedora-clang | 0.46.11 | 366.67 | OK | |||
r-devel-linux-x86_64-fedora-gcc | 0.46.11 | 371.30 | OK | |||
r-prerel-macos-arm64 | 0.46.11 | 85.00 | OK | |||
r-prerel-windows-x86_64 | 0.46.11 | 59.00 | 281.00 | 340.00 | NOTE | |
r-patched-linux-x86_64 | 0.46.11 | 69.32 | 189.16 | 258.48 | OK | |
r-release-linux-x86_64 | 0.46.11 | 69.78 | 189.15 | 258.93 | OK | |
r-release-macos-arm64 | 0.46.11 | 101.00 | OK | |||
r-release-macos-x86_64 | 0.46.11 | 156.00 | OK | |||
r-release-windows-x86_64 | 0.46.11 | 69.00 | 289.00 | 358.00 | NOTE | |
r-oldrel-macos-arm64 | 0.46.11 | 101.00 | OK | |||
r-oldrel-windows-x86_64 | 0.46.11 | 71.00 | 276.00 | 347.00 | OK |
Version: 0.46.11
Check: C++ specification
Result: NOTE
Specified C++11: please drop specification unless essential
Flavors: r-prerel-windows-x86_64, r-release-windows-x86_64