CRAN Package Check Results for Package EloChoice

Last updated on 2024-02-29 20:05:25 CET.

Flavor Version Tinstall Tcheck Ttotal Status Flags
r-devel-linux-x86_64-debian-clang 0.29.4 37.56 110.45 148.01 OK
r-devel-linux-x86_64-debian-gcc 0.29.4 28.35 93.48 121.83 OK
r-devel-linux-x86_64-fedora-clang 0.29.4 197.70 NOTE
r-devel-linux-x86_64-fedora-gcc 0.29.4 203.48 OK
r-devel-windows-x86_64 0.29.4 28.00 138.00 166.00 NOTE
r-patched-linux-x86_64 0.29.4 36.46 173.49 209.95 OK
r-release-linux-x86_64 0.29.4 30.89 109.76 140.65 OK
r-release-macos-arm64 0.29.4 79.00 OK
r-release-macos-x86_64 0.29.4 129.00 OK
r-release-windows-x86_64 0.29.4 35.00 157.00 192.00 NOTE
r-oldrel-macos-arm64 0.29.4 74.00 OK
r-oldrel-windows-x86_64 0.29.4 34.00 152.00 186.00 OK

Check Details

Version: 0.29.4
Check: Rd cross-references
Result: NOTE Undeclared package ‘EloRating’ in Rd xrefs Flavor: r-devel-linux-x86_64-fedora-clang

Version: 0.29.4
Check: C++ specification
Result: NOTE Specified C++11: please drop specification unless essential Flavors: r-devel-windows-x86_64, r-release-windows-x86_64