CRAN Package Check Results for Package EleChemr

Last updated on 2022-10-02 22:51:37 CEST.

Flavor Version Tinstall Tcheck Ttotal Status Flags
r-devel-linux-x86_64-debian-clang 1.2.0 17.07 97.19 114.26 NOTE
r-devel-linux-x86_64-debian-gcc 1.2.0 13.89 68.96 82.85 NOTE
r-devel-linux-x86_64-fedora-clang 1.2.0 153.29 NOTE
r-devel-linux-x86_64-fedora-gcc 1.2.0 143.23 NOTE
r-devel-windows-x86_64 1.2.0 21.00 112.00 133.00 NOTE
r-patched-linux-x86_64 1.2.0 16.02 91.37 107.39 NOTE
r-release-linux-x86_64 1.2.0 16.59 91.66 108.25 NOTE
r-release-macos-arm64 1.2.0 35.00 NOTE
r-release-macos-x86_64 1.2.0 61.00 NOTE
r-release-windows-x86_64 1.2.0 26.00 110.00 136.00 NOTE
r-oldrel-macos-arm64 1.2.0 40.00 NOTE
r-oldrel-macos-x86_64 1.2.0 51.00 NOTE
r-oldrel-windows-ix86+x86_64 1.2.0 31.00 117.00 148.00 NOTE

Check Details

Version: 1.2.0
Check: LazyData
Result: NOTE
     'LazyData' is specified without a 'data' directory
Flavors: r-devel-linux-x86_64-debian-clang, r-devel-linux-x86_64-debian-gcc, r-devel-linux-x86_64-fedora-clang, r-devel-linux-x86_64-fedora-gcc, r-devel-windows-x86_64, r-patched-linux-x86_64, r-release-linux-x86_64, r-release-macos-arm64, r-release-macos-x86_64, r-release-windows-x86_64, r-oldrel-macos-arm64, r-oldrel-macos-x86_64, r-oldrel-windows-ix86+x86_64