CRAN Package Check Results for Package EigenR

Last updated on 2022-09-24 21:51:01 CEST.

Flavor Version Tinstall Tcheck Ttotal Status Flags
r-devel-linux-x86_64-debian-clang 1.2.3 476.98 31.77 508.75 OK
r-devel-linux-x86_64-debian-gcc 1.2.3 415.84 37.47 453.31 OK
r-devel-linux-x86_64-fedora-clang 1.2.3 607.57 OK
r-devel-linux-x86_64-fedora-gcc 1.2.3 761.92 OK
r-devel-windows-x86_64 1.2.3 396.00 107.00 503.00 OK
r-patched-linux-x86_64 1.2.3 420.43 46.91 467.34 OK
r-release-linux-x86_64 1.2.3 445.29 47.38 492.67 OK
r-release-macos-arm64 1.2.3 218.00 NOTE
r-release-macos-x86_64 1.2.3 223.00 NOTE
r-release-windows-x86_64 1.2.3 269.00 102.00 371.00 OK
r-oldrel-macos-arm64 1.2.3 195.00 NOTE
r-oldrel-macos-x86_64 1.2.3 221.00 NOTE
r-oldrel-windows-ix86+x86_64 1.2.3 984.00 107.00 1091.00 OK

Check Details

Version: 1.2.3
Check: installed package size
Result: NOTE
     installed size is 142.4Mb
     sub-directories of 1Mb or more:
     libs 142.3Mb
Flavors: r-release-macos-arm64, r-release-macos-x86_64, r-oldrel-macos-arm64, r-oldrel-macos-x86_64