CRAN Package Check Results for Package EcoIndR

Last updated on 2025-06-21 21:49:53 CEST.

Flavor Version Tinstall Tcheck Ttotal Status Flags
r-devel-linux-x86_64-debian-clang 2.0 11.55 94.13 105.68 NOTE
r-devel-linux-x86_64-debian-gcc 2.0 9.28 68.40 77.68 NOTE
r-devel-linux-x86_64-fedora-clang 2.0 156.17 OK
r-devel-linux-x86_64-fedora-gcc 2.0 166.13 OK
r-devel-windows-x86_64 2.0 13.00 92.00 105.00 OK
r-patched-linux-x86_64 2.0 12.47 90.81 103.28 OK
r-release-linux-x86_64 2.0 11.34 89.87 101.21 OK
r-release-macos-arm64 2.0 60.00 OK
r-release-macos-x86_64 2.0 92.00 OK
r-release-windows-x86_64 2.0 12.00 95.00 107.00 OK
r-oldrel-macos-arm64 2.0 53.00 OK
r-oldrel-macos-x86_64 2.0 71.00 OK
r-oldrel-windows-x86_64 2.0 16.00 120.00 136.00 OK

Check Details

Version: 2.0
Check: CRAN incoming feasibility
Result: NOTE Maintainer: ‘Castor Guisande Gonzalez <castor@uvigo.es>’ No Authors@R field in DESCRIPTION. Please add one, modifying Authors@R: person(given = c("Castor", "Guisande"), family = "Gonzalez", role = c("aut", "cre"), email = "castor@uvigo.es") as necessary. Flavors: r-devel-linux-x86_64-debian-clang, r-devel-linux-x86_64-debian-gcc