CRAN Package Check Results for Package EValue

Last updated on 2022-09-28 21:51:36 CEST.

Flavor Version Tinstall Tcheck Ttotal Status Flags
r-devel-linux-x86_64-debian-clang 4.1.3 14.63 144.36 158.99 OK
r-devel-linux-x86_64-debian-gcc 4.1.3 10.83 103.56 114.39 OK
r-devel-linux-x86_64-fedora-clang 4.1.3 199.54 NOTE
r-devel-linux-x86_64-fedora-gcc 4.1.3 187.79 NOTE
r-devel-windows-x86_64 4.1.3 40.00 187.00 227.00 OK
r-patched-linux-x86_64 4.1.3 8.93 131.37 140.30 OK
r-release-linux-x86_64 4.1.3 9.10 132.13 141.23 OK
r-release-macos-arm64 4.1.3 56.00 NOTE
r-release-macos-x86_64 4.1.3 87.00 NOTE
r-release-windows-x86_64 4.1.3 20.00 180.00 200.00 OK
r-oldrel-macos-arm64 4.1.3 62.00 NOTE
r-oldrel-macos-x86_64 4.1.3 88.00 NOTE
r-oldrel-windows-ix86+x86_64 4.1.3 31.00 185.00 216.00 OK

Check Details

Version: 4.1.3
Check: dependencies in R code
Result: NOTE
    Namespace in Imports field not imported from: ‘metadat’
     All declared Imports should be used.
Flavors: r-devel-linux-x86_64-fedora-clang, r-devel-linux-x86_64-fedora-gcc, r-release-macos-arm64, r-release-macos-x86_64, r-oldrel-macos-arm64, r-oldrel-macos-x86_64