Last updated on 2024-07-17 20:56:59 CEST.
Flavor | Version | Tinstall | Tcheck | Ttotal | Status | Flags |
---|---|---|---|---|---|---|
r-devel-linux-x86_64-debian-clang | 1.5 | 2.49 | 27.73 | 30.22 | NOTE | |
r-devel-linux-x86_64-debian-gcc | 1.5 | 2.18 | 20.78 | 22.96 | NOTE | |
r-devel-linux-x86_64-fedora-clang | 1.5 | 37.99 | NOTE | |||
r-devel-linux-x86_64-fedora-gcc | 1.5 | 35.92 | NOTE | |||
r-devel-windows-x86_64 | 1.5 | 4.00 | 43.00 | 47.00 | NOTE | |
r-patched-linux-x86_64 | 1.5 | 2.67 | 25.87 | 28.54 | NOTE | |
r-release-linux-x86_64 | 1.5 | 2.94 | 26.98 | 29.92 | NOTE | |
r-release-macos-arm64 | 1.5 | 16.00 | NOTE | |||
r-release-macos-x86_64 | 1.5 | 22.00 | NOTE | |||
r-release-windows-x86_64 | 1.5 | 3.00 | 44.00 | 47.00 | NOTE | |
r-oldrel-macos-arm64 | 1.5 | 17.00 | OK | |||
r-oldrel-macos-x86_64 | 1.5 | 22.00 | NOTE | |||
r-oldrel-windows-x86_64 | 1.5 | 4.00 | 45.00 | 49.00 | OK |
Version: 1.5
Check: Rd files
Result: NOTE
checkRd: (-1) ETC-package.Rd:28-29: Lost braces in \itemize; meant \describe ?
checkRd: (-1) ETC-package.Rd:30-31: Lost braces in \itemize; meant \describe ?
checkRd: (-1) ETC-package.Rd:32: Lost braces in \itemize; meant \describe ?
Flavors: r-devel-linux-x86_64-debian-clang, r-devel-linux-x86_64-debian-gcc, r-devel-linux-x86_64-fedora-clang, r-devel-linux-x86_64-fedora-gcc, r-devel-windows-x86_64, r-patched-linux-x86_64, r-release-linux-x86_64, r-release-macos-arm64, r-release-macos-x86_64, r-release-windows-x86_64
Version: 1.5
Check: package dependencies
Result: NOTE
Packages suggested but not available for checking:
'SimComp', 'multcomp', 'mratios'
Flavor: r-oldrel-macos-x86_64