Last updated on 2025-01-19 19:48:19 CET.
Flavor | Version | Tinstall | Tcheck | Ttotal | Status | Flags |
---|---|---|---|---|---|---|
r-devel-linux-x86_64-debian-clang | 0.2.0 | 14.14 | 143.96 | 158.10 | NOTE | |
r-devel-linux-x86_64-debian-gcc | 0.2.0 | 11.72 | 101.27 | 112.99 | NOTE | |
r-devel-linux-x86_64-fedora-clang | 0.2.0 | 254.91 | NOTE | |||
r-devel-linux-x86_64-fedora-gcc | 0.2.0 | 249.15 | NOTE | |||
r-devel-windows-x86_64 | 0.2.0 | 15.00 | 137.00 | 152.00 | NOTE | |
r-patched-linux-x86_64 | 0.2.0 | 11.78 | 133.22 | 145.00 | NOTE | |
r-release-linux-x86_64 | 0.2.0 | 12.32 | 132.34 | 144.66 | NOTE | |
r-release-macos-arm64 | 0.2.0 | 80.00 | NOTE | |||
r-release-macos-x86_64 | 0.2.0 | 123.00 | NOTE | |||
r-release-windows-x86_64 | 0.2.0 | 16.00 | 132.00 | 148.00 | NOTE | |
r-oldrel-macos-arm64 | 0.2.0 | 94.00 | NOTE | |||
r-oldrel-macos-x86_64 | 0.2.0 | 148.00 | NOTE | |||
r-oldrel-windows-x86_64 | 0.2.0 | 21.00 | 182.00 | 203.00 | NOTE |
Version: 0.2.0
Check: Rd files
Result: NOTE
checkRd: (-1) aic.Rd:25: Escaped LaTeX specials: \&
checkRd: (-1) aic.Rd:29: Escaped LaTeX specials: \&
checkRd: (-1) ictab.Rd:56: Escaped LaTeX specials: \&
checkRd: (-1) ictab.Rd:60: Escaped LaTeX specials: \&
checkRd: (-1) ictab.Rd:64: Escaped LaTeX specials: \&
Flavors: r-devel-linux-x86_64-debian-clang, r-devel-linux-x86_64-debian-gcc, r-devel-linux-x86_64-fedora-clang, r-devel-linux-x86_64-fedora-gcc, r-devel-windows-x86_64, r-patched-linux-x86_64, r-release-linux-x86_64, r-release-macos-arm64, r-release-macos-x86_64, r-release-windows-x86_64, r-oldrel-macos-arm64, r-oldrel-macos-x86_64, r-oldrel-windows-x86_64
Version: 0.2.0
Check: LazyData
Result: NOTE
'LazyData' is specified without a 'data' directory
Flavors: r-patched-linux-x86_64, r-release-linux-x86_64, r-release-macos-arm64, r-release-macos-x86_64, r-release-windows-x86_64, r-oldrel-macos-arm64, r-oldrel-macos-x86_64, r-oldrel-windows-x86_64