CRAN Package Check Results for Package EQRN

Last updated on 2025-07-03 20:50:34 CEST.

Flavor Version Tinstall Tcheck Ttotal Status Flags
r-devel-linux-x86_64-debian-clang 0.1.1 22.59 7.03 29.62 ERROR
r-devel-linux-x86_64-debian-gcc 0.1.1 16.60 5.96 22.56 ERROR
r-devel-linux-x86_64-fedora-clang 0.1.1 227.25 OK
r-devel-linux-x86_64-fedora-gcc 0.1.1 241.22 OK
r-devel-windows-x86_64 0.1.1 51.00 144.00 195.00 OK
r-patched-linux-x86_64 0.1.1 24.01 5.09 29.10 ERROR
r-release-linux-x86_64 0.1.1 22.01 4.89 26.90 ERROR
r-release-macos-arm64 0.1.1 92.00 OK
r-release-macos-x86_64 0.1.1 225.00 OK
r-release-windows-x86_64 0.1.1 52.00 144.00 196.00 OK
r-oldrel-macos-arm64 0.1.1 86.00 OK
r-oldrel-macos-x86_64 0.1.1 260.00 OK
r-oldrel-windows-x86_64 0.1.1 66.00 192.00 258.00 OK

Check Details

Version: 0.1.1
Check: whether the package can be loaded
Result: ERROR Loading this package had a fatal error status code 1 Loading log: Error: package or namespace load failed for ‘EQRN’: .onLoad failed in loadNamespace() for 'torch', details: call: inst_path() error: torch cannot write into '/home/hornik/tmp/R.check/r-devel-clang/Work/build/Packages/torch/'. Execution halted Flavor: r-devel-linux-x86_64-debian-clang

Version: 0.1.1
Check: whether the package can be loaded
Result: ERROR Loading this package had a fatal error status code 1 Loading log: Error: package or namespace load failed for ‘EQRN’: .onLoad failed in loadNamespace() for 'torch', details: call: inst_path() error: torch cannot write into '/home/hornik/tmp/R.check/r-devel-gcc/Work/build/Packages/torch/'. Execution halted Flavor: r-devel-linux-x86_64-debian-gcc

Version: 0.1.1
Check: whether the package can be loaded
Result: ERROR Loading this package had a fatal error status code 1 Loading log: Error: package or namespace load failed for ‘EQRN’: .onLoad failed in loadNamespace() for 'torch', details: call: inst_path() error: torch cannot write into '/home/hornik/tmp/R.check/r-patched-gcc/Work/build/Packages/torch/'. Execution halted Flavor: r-patched-linux-x86_64

Version: 0.1.1
Check: whether the package can be loaded
Result: ERROR Loading this package had a fatal error status code 1 Loading log: Error: package or namespace load failed for ‘EQRN’: .onLoad failed in loadNamespace() for 'torch', details: call: inst_path() error: torch cannot write into '/home/hornik/tmp/R.check/r-release-gcc/Work/build/Packages/torch/'. Execution halted Flavor: r-release-linux-x86_64