Last updated on 2025-05-07 20:49:43 CEST.
Flavor | Version | Tinstall | Tcheck | Ttotal | Status | Flags |
---|---|---|---|---|---|---|
r-devel-linux-x86_64-debian-clang | 1.1.1 | 8.50 | 84.73 | 93.23 | NOTE | |
r-devel-linux-x86_64-debian-gcc | 1.1.1 | 6.57 | 62.68 | 69.25 | NOTE | |
r-devel-linux-x86_64-fedora-clang | 1.1.1 | 151.33 | OK | |||
r-devel-linux-x86_64-fedora-gcc | 1.1.1 | 138.28 | OK | |||
r-devel-windows-x86_64 | 1.1.1 | 11.00 | 96.00 | 107.00 | OK | |
r-patched-linux-x86_64 | 1.1.1 | 8.26 | 81.26 | 89.52 | OK | |
r-release-linux-x86_64 | 1.1.1 | 8.44 | 81.95 | 90.39 | OK | |
r-release-macos-arm64 | 1.1.1 | 49.00 | OK | |||
r-release-macos-x86_64 | 1.1.1 | 79.00 | OK | |||
r-release-windows-x86_64 | 1.1.1 | 10.00 | 99.00 | 109.00 | OK | |
r-oldrel-macos-arm64 | 1.1.1 | 46.00 | OK | |||
r-oldrel-macos-x86_64 | 1.1.1 | 62.00 | OK | |||
r-oldrel-windows-x86_64 | 1.1.1 | 14.00 | 118.00 | 132.00 | OK |
Version: 1.1.1
Check: CRAN incoming feasibility
Result: NOTE
Maintainer: ‘Sang Kyu Lee <leesa111@msu.edu>’
No Authors@R field in DESCRIPTION.
Please add one, modifying
Authors@R: c(person(given = "Kexuan",
family = "Yang",
role = "aut",
email = "717260446@qq.com"),
person(given = c("Sang", "Kyu"),
family = "Lee",
role = c("aut", "cre"),
email = "leesa111@msu.edu"),
person(given = "Jun",
family = "Zhao",
role = "aut",
email = "zhaojun2021@hotmail.com"),
person(given = "Hyoung-Moon",
family = "Kim",
role = "aut",
email = "hmk966a@gmail.com"))
as necessary.
Flavors: r-devel-linux-x86_64-debian-clang, r-devel-linux-x86_64-debian-gcc