Last updated on 2025-11-03 21:50:19 CET.
| Flavor | Version | Tinstall | Tcheck | Ttotal | Status | Flags | 
|---|---|---|---|---|---|---|
| r-devel-linux-x86_64-debian-clang | 3.1 | 6.02 | 53.56 | 59.58 | NOTE | |
| r-devel-linux-x86_64-debian-gcc | 3.1 | 5.01 | 40.89 | 45.90 | NOTE | |
| r-devel-linux-x86_64-fedora-clang | 3.1 | 16.00 | 75.55 | 91.55 | OK | |
| r-devel-linux-x86_64-fedora-gcc | 3.1 | 13.00 | 72.52 | 85.52 | OK | |
| r-devel-windows-x86_64 | 3.1 | 7.00 | 63.00 | 70.00 | OK | |
| r-patched-linux-x86_64 | 3.1 | 5.48 | 51.40 | 56.88 | OK | |
| r-release-linux-x86_64 | 3.1 | 5.27 | 51.21 | 56.48 | OK | |
| r-release-macos-arm64 | 3.1 | 3.00 | 30.00 | 33.00 | OK | |
| r-release-macos-x86_64 | 3.1 | 8.00 | 72.00 | 80.00 | OK | |
| r-release-windows-x86_64 | 3.1 | 6.00 | 61.00 | 67.00 | OK | |
| r-oldrel-macos-arm64 | 3.1 | 3.00 | 25.00 | 28.00 | OK | |
| r-oldrel-macos-x86_64 | 3.1 | 4.00 | 38.00 | 42.00 | OK | |
| r-oldrel-windows-x86_64 | 3.1 | 9.00 | 79.00 | 88.00 | OK | 
Version: 3.1
Check: CRAN incoming feasibility
Result: NOTE
  Maintainer: ‘Deniz Akdemir <deniz.akdemir.work@gmail.com>’
  
  No Authors@R field in DESCRIPTION.
  Please add one, modifying
    Authors@R: c(person(given = "Deniz",
                        family = "Akdemir",
                        role = c("aut", "cre"),
                        email = "deniz.akdemir.work@gmail.com"),
                 person(given = c("Okeke", "Uche"),
                        family = "Godfrey",
                        role = "aut"))
  as necessary.
Flavors: r-devel-linux-x86_64-debian-clang, r-devel-linux-x86_64-debian-gcc