CRAN Package Check Results for Package ELMSO

Last updated on 2025-05-09 20:49:49 CEST.

Flavor Version Tinstall Tcheck Ttotal Status Flags
r-devel-linux-x86_64-debian-clang 1.0.1 1.80 18.58 20.38 OK
r-devel-linux-x86_64-debian-gcc 1.0.1 1.40 14.80 16.20 OK
r-devel-linux-x86_64-fedora-clang 1.0.1 31.94 OK
r-devel-linux-x86_64-fedora-gcc 1.0.1 30.27 OK
r-devel-windows-x86_64 1.0.1 2.00 37.00 39.00 OK
r-patched-linux-x86_64 1.0.1 1.84 17.67 19.51 OK
r-release-linux-x86_64 1.0.1 1.75 17.42 19.17 OK
r-release-macos-arm64 1.0.1 14.00 OK
r-release-macos-x86_64 1.0.1 28.00 OK
r-release-windows-x86_64 1.0.1 3.00 39.00 42.00 OK
r-oldrel-macos-arm64 1.0.1 13.00 NOTE
r-oldrel-macos-x86_64 1.0.1 21.00 NOTE
r-oldrel-windows-x86_64 1.0.1 4.00 38.00 42.00 NOTE

Check Details

Version: 1.0.1
Check: LazyData
Result: NOTE 'LazyData' is specified without a 'data' directory Flavors: r-oldrel-macos-arm64, r-oldrel-macos-x86_64, r-oldrel-windows-x86_64