Last updated on 2024-03-27 19:56:50 CET.
Flavor | Version | Tinstall | Tcheck | Ttotal | Status | Flags |
---|---|---|---|---|---|---|
r-devel-linux-x86_64-debian-clang | 1.0.3 | 10.99 | 86.14 | 97.13 | NOTE | |
r-devel-linux-x86_64-debian-gcc | 1.0.3 | 8.84 | 66.79 | 75.63 | NOTE | |
r-devel-linux-x86_64-fedora-clang | 1.0.3 | 120.26 | NOTE | |||
r-devel-linux-x86_64-fedora-gcc | 1.0.3 | 125.10 | NOTE | |||
r-devel-windows-x86_64 | 1.0.3 | 9.00 | 78.00 | 87.00 | OK | |
r-patched-linux-x86_64 | 1.0.3 | 14.89 | 88.14 | 103.03 | NOTE | |
r-release-linux-x86_64 | 1.0.3 | 8.09 | 88.20 | 96.29 | NOTE | |
r-release-macos-arm64 | 1.0.3 | 43.00 | OK | |||
r-release-macos-x86_64 | 1.0.3 | 74.00 | OK | |||
r-release-windows-x86_64 | 1.0.3 | 13.00 | 95.00 | 108.00 | OK | |
r-oldrel-macos-arm64 | 1.0.3 | 34.00 | OK | |||
r-oldrel-windows-x86_64 | 1.0.3 | 13.00 | 99.00 | 112.00 | OK |
Version: 1.0.3
Check: for non-standard things in the check directory
Result: NOTE
Found the following files/directories:
‘eval_test_LG_ROC.pdf’ ‘test.pdf’
Flavors: r-devel-linux-x86_64-debian-clang, r-devel-linux-x86_64-debian-gcc, r-devel-linux-x86_64-fedora-clang, r-devel-linux-x86_64-fedora-gcc, r-patched-linux-x86_64, r-release-linux-x86_64