Last updated on 2025-11-03 21:50:19 CET.
| Flavor | Version | Tinstall | Tcheck | Ttotal | Status | Flags |
|---|---|---|---|---|---|---|
| r-devel-linux-x86_64-debian-clang | 0.1.0 | 12.98 | 115.22 | 128.20 | OK | |
| r-devel-linux-x86_64-debian-gcc | 0.1.0 | 8.43 | 80.48 | 88.91 | OK | |
| r-devel-linux-x86_64-fedora-clang | 0.1.0 | 91.00 | 122.83 | 213.83 | NOTE | |
| r-devel-linux-x86_64-fedora-gcc | 0.1.0 | 28.00 | 156.06 | 184.06 | NOTE | |
| r-devel-windows-x86_64 | 0.1.0 | 16.00 | 108.00 | 124.00 | OK | |
| r-patched-linux-x86_64 | 0.1.0 | 11.57 | 106.37 | 117.94 | OK | |
| r-release-linux-x86_64 | 0.1.0 | 13.15 | 106.71 | 119.86 | OK | |
| r-release-macos-arm64 | 0.1.0 | 5.00 | 38.00 | 43.00 | OK | |
| r-release-macos-x86_64 | 0.1.0 | 11.00 | 78.00 | 89.00 | OK | |
| r-release-windows-x86_64 | 0.1.0 | 16.00 | 106.00 | 122.00 | OK | |
| r-oldrel-macos-arm64 | 0.1.0 | 6.00 | 41.00 | 47.00 | OK | |
| r-oldrel-macos-x86_64 | 0.1.0 | 8.00 | 78.00 | 86.00 | OK | |
| r-oldrel-windows-x86_64 | 0.1.0 | 22.00 | 144.00 | 166.00 | OK |
Version: 0.1.0
Check: dependencies in R code
Result: NOTE
Namespaces in Imports field not imported from:
‘reticulate’ ‘tensorflow’
All declared Imports should be used.
Flavors: r-devel-linux-x86_64-fedora-clang, r-devel-linux-x86_64-fedora-gcc