Last updated on 2025-04-29 21:49:46 CEST.
Flavor | Version | Tinstall | Tcheck | Ttotal | Status | Flags |
---|---|---|---|---|---|---|
r-devel-linux-x86_64-debian-clang | 1.0.0 | 2.20 | 62.04 | 64.24 | NOTE | |
r-devel-linux-x86_64-debian-gcc | 1.0.0 | 1.67 | 40.50 | 42.17 | NOTE | |
r-devel-linux-x86_64-fedora-clang | 1.0.0 | 98.32 | OK | |||
r-devel-linux-x86_64-fedora-gcc | 1.0.0 | 94.16 | OK | |||
r-devel-windows-x86_64 | 1.0.0 | 4.00 | 82.00 | 86.00 | OK | |
r-patched-linux-x86_64 | 1.0.0 | 2.56 | 54.60 | 57.16 | OK | |
r-release-linux-x86_64 | 1.0.0 | 1.94 | 54.82 | 56.76 | OK | |
r-release-macos-arm64 | 1.0.0 | 47.00 | OK | |||
r-release-macos-x86_64 | 1.0.0 | 71.00 | OK | |||
r-release-windows-x86_64 | 1.0.0 | 4.00 | 80.00 | 84.00 | OK | |
r-oldrel-macos-arm64 | 1.0.0 | 47.00 | OK | |||
r-oldrel-macos-x86_64 | 1.0.0 | 61.00 | OK | |||
r-oldrel-windows-x86_64 | 1.0.0 | 3.00 | 91.00 | 94.00 | OK |
Version: 1.0.0
Check: examples
Result: NOTE
Examples with CPU (user + system) or elapsed time > 5s
user system elapsed
weierstrass 13.245 0.028 20.899
Flavor: r-devel-linux-x86_64-debian-clang
Version: 1.0.0
Check: examples
Result: NOTE
Examples with CPU (user + system) or elapsed time > 5s
user system elapsed
weierstrass 8.386 0.001 10.12
Flavor: r-devel-linux-x86_64-debian-gcc