Last updated on 2025-05-06 20:50:39 CEST.
Flavor | Version | Tinstall | Tcheck | Ttotal | Status | Flags |
---|---|---|---|---|---|---|
r-devel-linux-x86_64-debian-clang | 0.2.5 | 15.81 | 121.51 | 137.32 | NOTE | |
r-devel-linux-x86_64-debian-gcc | 0.2.5 | 12.37 | 87.45 | 99.82 | NOTE | |
r-devel-linux-x86_64-fedora-clang | 0.2.5 | 209.39 | OK | |||
r-devel-linux-x86_64-fedora-gcc | 0.2.5 | 202.45 | OK | |||
r-devel-windows-x86_64 | 0.2.5 | 18.00 | 117.00 | 135.00 | OK | |
r-patched-linux-x86_64 | 0.2.5 | 15.23 | 115.52 | 130.75 | OK | |
r-release-linux-x86_64 | 0.2.5 | 16.29 | 116.28 | 132.57 | OK | |
r-release-macos-arm64 | 0.2.5 | 4.00 | ERROR | |||
r-release-macos-x86_64 | 0.2.5 | 6.00 | ERROR | |||
r-release-windows-x86_64 | 0.2.5 | 16.00 | 117.00 | 133.00 | OK | |
r-oldrel-macos-arm64 | 0.2.5 | 10.00 | ERROR | |||
r-oldrel-macos-x86_64 | 0.2.5 | 11.00 | ERROR | |||
r-oldrel-windows-x86_64 | 0.2.5 | 22.00 | 150.00 | 172.00 | OK |
Version: 0.2.5
Check: CRAN incoming feasibility
Result: NOTE
Maintainer: ‘Jorn Lotsch <j.lotsch@em.uni-frankfurt.de>’
No Authors@R field in DESCRIPTION.
Please add one, modifying
Authors@R: c(person(given = "Jorn",
family = "Lotsch",
role = c("aut", "cre"),
email = "j.lotsch@em.uni-frankfurt.de"),
person(given = "Alfred",
family = "Ultsch",
role = "aut"))
as necessary.
Flavors: r-devel-linux-x86_64-debian-clang, r-devel-linux-x86_64-debian-gcc
Version: 0.2.5
Check: package dependencies
Result: ERROR
Package required but not available: ‘opGMMassessment’
See section ‘The DESCRIPTION file’ in the ‘Writing R Extensions’
manual.
Flavors: r-release-macos-arm64, r-release-macos-x86_64, r-oldrel-macos-arm64, r-oldrel-macos-x86_64