Last updated on 2024-04-17 20:57:32 CEST.
Flavor | Version | Tinstall | Tcheck | Ttotal | Status | Flags |
---|---|---|---|---|---|---|
r-devel-linux-x86_64-debian-clang | 0.2.13 | 4.90 | 45.40 | 50.30 | NOTE | |
r-devel-linux-x86_64-debian-gcc | 0.2.13 | 4.19 | 34.86 | 39.05 | NOTE | |
r-devel-linux-x86_64-fedora-clang | 0.2.13 | 64.57 | NOTE | |||
r-devel-linux-x86_64-fedora-gcc | 0.2.13 | 73.61 | NOTE | |||
r-prerel-macos-arm64 | 0.2.13 | 31.00 | NOTE | |||
r-prerel-windows-x86_64 | 0.2.13 | 5.00 | 55.00 | 60.00 | NOTE | |
r-patched-linux-x86_64 | 0.2.13 | 5.50 | 43.96 | 49.46 | NOTE | |
r-release-linux-x86_64 | 0.2.13 | 4.56 | 42.27 | 46.83 | NOTE | |
r-release-macos-arm64 | 0.2.13 | 28.00 | NOTE | |||
r-release-macos-x86_64 | 0.2.13 | 44.00 | NOTE | |||
r-release-windows-x86_64 | 0.2.13 | 7.00 | 60.00 | 67.00 | NOTE | |
r-oldrel-macos-arm64 | 0.2.13 | 22.00 | NOTE | |||
r-oldrel-windows-x86_64 | 0.2.13 | 7.00 | 67.00 | 74.00 | NOTE |
Version: 0.2.13
Check: LazyData
Result: NOTE
'LazyData' is specified without a 'data' directory
Flavors: r-devel-linux-x86_64-debian-clang, r-devel-linux-x86_64-debian-gcc, r-devel-linux-x86_64-fedora-clang, r-devel-linux-x86_64-fedora-gcc, r-prerel-macos-arm64, r-prerel-windows-x86_64, r-patched-linux-x86_64, r-release-linux-x86_64, r-release-macos-arm64, r-release-macos-x86_64, r-release-windows-x86_64, r-oldrel-macos-arm64, r-oldrel-windows-x86_64