CRAN Package Check Results for Package DysPIA

Last updated on 2022-10-05 21:53:32 CEST.

Flavor Version Tinstall Tcheck Ttotal Status Flags
r-devel-linux-x86_64-debian-clang 1.3 21.27 52.06 73.33 OK
r-devel-linux-x86_64-debian-gcc 1.3 19.43 39.65 59.08 OK
r-devel-linux-x86_64-fedora-clang 1.3 111.90 OK
r-devel-linux-x86_64-fedora-gcc 1.3 102.83 OK
r-devel-windows-x86_64 1.3 42.00 100.00 142.00 NOTE
r-patched-linux-x86_64 1.3 23.01 48.37 71.38 OK
r-release-linux-x86_64 1.3 18.63 48.62 67.25 OK
r-release-macos-arm64 1.3 34.00 NOTE
r-release-macos-x86_64 1.3 43.00 NOTE
r-release-windows-x86_64 1.3 37.00 97.00 134.00 NOTE
r-oldrel-macos-arm64 1.3 41.00 NOTE
r-oldrel-macos-x86_64 1.3 55.00 NOTE
r-oldrel-windows-ix86+x86_64 1.3 58.00 114.00 172.00 NOTE

Check Details

Version: 1.3
Check: installed package size
Result: NOTE
     installed size is 5.1Mb
     sub-directories of 1Mb or more:
     data 3.9Mb
     libs 1.0Mb
Flavors: r-devel-windows-x86_64, r-release-macos-arm64, r-release-macos-x86_64, r-release-windows-x86_64, r-oldrel-macos-arm64, r-oldrel-macos-x86_64, r-oldrel-windows-ix86+x86_64